{"id":31384,"date":"2016-11-30T14:05:03","date_gmt":"2016-11-30T14:05:03","guid":{"rendered":"http:\/\/alexbutor.hu\/oltozobutor\/?page_id=31384"},"modified":"2020-03-06T10:41:57","modified_gmt":"2020-03-06T10:41:57","slug":"containere-cu-sertar","status":"publish","type":"page","link":"https:\/\/alexmobilier.ro\/vestiare\/categorii\/echipament-industrial\/containere-cu-sertar\/","title":{"rendered":"Containere cu sertar"},"content":{"rendered":"","protected":false},"excerpt":{"rendered":"","protected":false},"author":1,"featured_media":92823,"parent":31378,"menu_order":0,"comment_status":"closed","ping_status":"closed","template":"page-Portfolio4Cols-filterable.php","meta":{"footnotes":""},"class_list":["post-31384","page","type-page","status-publish","has-post-thumbnail","hentry"],"yoast_head":"<!-- This site is optimized with the Yoast SEO plugin v25.2 - https:\/\/yoast.com\/wordpress\/plugins\/seo\/ -->\n<title>Containere cu sertar - Vestiar<\/title>\n<meta name=\"description\" content=\"Fi\u00f3kos kont\u00e9nerek, szersz\u00e1mszekr\u00e9nyek. Nagy mobilit\u00e1s, g\u00f6rg\u0151s \u00e9s z\u00e1rhat\u00f3 kivitel. K\u00e9rje az Alex F\u00e9mb\u00fator Kft. szem\u00e9lyre szabott aj\u00e1nlat\u00e1t!\" \/>\n<meta name=\"robots\" content=\"index, follow, max-snippet:-1, max-image-preview:large, max-video-preview:-1\" \/>\n<link rel=\"canonical\" href=\"https:\/\/alexmobilier.ro\/vestiare\/categorii\/echipament-industrial\/containere-cu-sertar\/\" \/>\n<meta property=\"og:locale\" content=\"en_US\" \/>\n<meta property=\"og:type\" content=\"article\" \/>\n<meta property=\"og:title\" content=\"Containere cu sertar - Vestiar\" \/>\n<meta property=\"og:description\" content=\"Fi\u00f3kos kont\u00e9nerek, szersz\u00e1mszekr\u00e9nyek. Nagy mobilit\u00e1s, g\u00f6rg\u0151s \u00e9s z\u00e1rhat\u00f3 kivitel. K\u00e9rje az Alex F\u00e9mb\u00fator Kft. szem\u00e9lyre szabott aj\u00e1nlat\u00e1t!\" \/>\n<meta property=\"og:url\" content=\"https:\/\/alexmobilier.ro\/vestiare\/categorii\/echipament-industrial\/containere-cu-sertar\/\" \/>\n<meta property=\"og:site_name\" content=\"Vestiar\" \/>\n<meta property=\"article:modified_time\" content=\"2020-03-06T10:41:57+00:00\" \/>\n<meta property=\"og:image\" content=\"https:\/\/alexmobilier.ro\/vestiare\/wp-content\/uploads\/2020\/03\/3-Ipari_berendezes-03-Fiokos_kontener_800x560px-1.jpg\" \/>\n\t<meta property=\"og:image:width\" content=\"800\" \/>\n\t<meta property=\"og:image:height\" content=\"560\" \/>\n\t<meta property=\"og:image:type\" content=\"image\/jpeg\" \/>\n<meta name=\"twitter:card\" content=\"summary_large_image\" \/>\n<script type=\"application\/ld+json\" class=\"yoast-schema-graph\">{\"@context\":\"https:\/\/schema.org\",\"@graph\":[{\"@type\":\"WebPage\",\"@id\":\"https:\/\/alexmobilier.ro\/vestiare\/categorii\/echipament-industrial\/containere-cu-sertar\/\",\"url\":\"https:\/\/alexmobilier.ro\/vestiare\/categorii\/echipament-industrial\/containere-cu-sertar\/\",\"name\":\"Containere cu sertar - Vestiar\",\"isPartOf\":{\"@id\":\"https:\/\/alexmobilier.ro\/vestiare\/#website\"},\"primaryImageOfPage\":{\"@id\":\"https:\/\/alexmobilier.ro\/vestiare\/categorii\/echipament-industrial\/containere-cu-sertar\/#primaryimage\"},\"image\":{\"@id\":\"https:\/\/alexmobilier.ro\/vestiare\/categorii\/echipament-industrial\/containere-cu-sertar\/#primaryimage\"},\"thumbnailUrl\":\"https:\/\/alexmobilier.ro\/vestiare\/wp-content\/uploads\/2020\/03\/3-Ipari_berendezes-03-Fiokos_kontener_800x560px-1.jpg\",\"datePublished\":\"2016-11-30T14:05:03+00:00\",\"dateModified\":\"2020-03-06T10:41:57+00:00\",\"description\":\"Fi\u00f3kos kont\u00e9nerek, szersz\u00e1mszekr\u00e9nyek. Nagy mobilit\u00e1s, g\u00f6rg\u0151s \u00e9s z\u00e1rhat\u00f3 kivitel. K\u00e9rje az Alex F\u00e9mb\u00fator Kft. szem\u00e9lyre szabott aj\u00e1nlat\u00e1t!\",\"breadcrumb\":{\"@id\":\"https:\/\/alexmobilier.ro\/vestiare\/categorii\/echipament-industrial\/containere-cu-sertar\/#breadcrumb\"},\"inLanguage\":\"en-US\",\"potentialAction\":[{\"@type\":\"ReadAction\",\"target\":[\"https:\/\/alexmobilier.ro\/vestiare\/categorii\/echipament-industrial\/containere-cu-sertar\/\"]}]},{\"@type\":\"ImageObject\",\"inLanguage\":\"en-US\",\"@id\":\"https:\/\/alexmobilier.ro\/vestiare\/categorii\/echipament-industrial\/containere-cu-sertar\/#primaryimage\",\"url\":\"https:\/\/alexmobilier.ro\/vestiare\/wp-content\/uploads\/2020\/03\/3-Ipari_berendezes-03-Fiokos_kontener_800x560px-1.jpg\",\"contentUrl\":\"https:\/\/alexmobilier.ro\/vestiare\/wp-content\/uploads\/2020\/03\/3-Ipari_berendezes-03-Fiokos_kontener_800x560px-1.jpg\",\"width\":800,\"height\":560},{\"@type\":\"BreadcrumbList\",\"@id\":\"https:\/\/alexmobilier.ro\/vestiare\/categorii\/echipament-industrial\/containere-cu-sertar\/#breadcrumb\",\"itemListElement\":[{\"@type\":\"ListItem\",\"position\":1,\"name\":\"Home\",\"item\":\"https:\/\/alexmobilier.ro\/vestiare\/\"},{\"@type\":\"ListItem\",\"position\":2,\"name\":\"Produse\",\"item\":\"https:\/\/alexmobilier.ro\/vestiare\/categorii\/\"},{\"@type\":\"ListItem\",\"position\":3,\"name\":\"Echipament industrial\",\"item\":\"https:\/\/alexmobilier.ro\/vestiare\/categorii\/echipament-industrial\/\"},{\"@type\":\"ListItem\",\"position\":4,\"name\":\"Containere cu sertar\"}]},{\"@type\":\"WebSite\",\"@id\":\"https:\/\/alexmobilier.ro\/vestiare\/#website\",\"url\":\"https:\/\/alexmobilier.ro\/vestiare\/\",\"name\":\"Vestiar\",\"description\":\"ALEX MOBILIER MACS\",\"potentialAction\":[{\"@type\":\"SearchAction\",\"target\":{\"@type\":\"EntryPoint\",\"urlTemplate\":\"https:\/\/alexmobilier.ro\/vestiare\/?s={search_term_string}\"},\"query-input\":{\"@type\":\"PropertyValueSpecification\",\"valueRequired\":true,\"valueName\":\"search_term_string\"}}],\"inLanguage\":\"en-US\"}]}<\/script>\n<!-- \/ Yoast SEO plugin. -->","yoast_head_json":{"title":"Containere cu sertar - Vestiar","description":"Fi\u00f3kos kont\u00e9nerek, szersz\u00e1mszekr\u00e9nyek. Nagy mobilit\u00e1s, g\u00f6rg\u0151s \u00e9s z\u00e1rhat\u00f3 kivitel. K\u00e9rje az Alex F\u00e9mb\u00fator Kft. szem\u00e9lyre szabott aj\u00e1nlat\u00e1t!","robots":{"index":"index","follow":"follow","max-snippet":"max-snippet:-1","max-image-preview":"max-image-preview:large","max-video-preview":"max-video-preview:-1"},"canonical":"https:\/\/alexmobilier.ro\/vestiare\/categorii\/echipament-industrial\/containere-cu-sertar\/","og_locale":"en_US","og_type":"article","og_title":"Containere cu sertar - Vestiar","og_description":"Fi\u00f3kos kont\u00e9nerek, szersz\u00e1mszekr\u00e9nyek. Nagy mobilit\u00e1s, g\u00f6rg\u0151s \u00e9s z\u00e1rhat\u00f3 kivitel. K\u00e9rje az Alex F\u00e9mb\u00fator Kft. szem\u00e9lyre szabott aj\u00e1nlat\u00e1t!","og_url":"https:\/\/alexmobilier.ro\/vestiare\/categorii\/echipament-industrial\/containere-cu-sertar\/","og_site_name":"Vestiar","article_modified_time":"2020-03-06T10:41:57+00:00","og_image":[{"width":800,"height":560,"url":"https:\/\/alexmobilier.ro\/vestiare\/wp-content\/uploads\/2020\/03\/3-Ipari_berendezes-03-Fiokos_kontener_800x560px-1.jpg","type":"image\/jpeg"}],"twitter_card":"summary_large_image","schema":{"@context":"https:\/\/schema.org","@graph":[{"@type":"WebPage","@id":"https:\/\/alexmobilier.ro\/vestiare\/categorii\/echipament-industrial\/containere-cu-sertar\/","url":"https:\/\/alexmobilier.ro\/vestiare\/categorii\/echipament-industrial\/containere-cu-sertar\/","name":"Containere cu sertar - Vestiar","isPartOf":{"@id":"https:\/\/alexmobilier.ro\/vestiare\/#website"},"primaryImageOfPage":{"@id":"https:\/\/alexmobilier.ro\/vestiare\/categorii\/echipament-industrial\/containere-cu-sertar\/#primaryimage"},"image":{"@id":"https:\/\/alexmobilier.ro\/vestiare\/categorii\/echipament-industrial\/containere-cu-sertar\/#primaryimage"},"thumbnailUrl":"https:\/\/alexmobilier.ro\/vestiare\/wp-content\/uploads\/2020\/03\/3-Ipari_berendezes-03-Fiokos_kontener_800x560px-1.jpg","datePublished":"2016-11-30T14:05:03+00:00","dateModified":"2020-03-06T10:41:57+00:00","description":"Fi\u00f3kos kont\u00e9nerek, szersz\u00e1mszekr\u00e9nyek. Nagy mobilit\u00e1s, g\u00f6rg\u0151s \u00e9s z\u00e1rhat\u00f3 kivitel. K\u00e9rje az Alex F\u00e9mb\u00fator Kft. szem\u00e9lyre szabott aj\u00e1nlat\u00e1t!","breadcrumb":{"@id":"https:\/\/alexmobilier.ro\/vestiare\/categorii\/echipament-industrial\/containere-cu-sertar\/#breadcrumb"},"inLanguage":"en-US","potentialAction":[{"@type":"ReadAction","target":["https:\/\/alexmobilier.ro\/vestiare\/categorii\/echipament-industrial\/containere-cu-sertar\/"]}]},{"@type":"ImageObject","inLanguage":"en-US","@id":"https:\/\/alexmobilier.ro\/vestiare\/categorii\/echipament-industrial\/containere-cu-sertar\/#primaryimage","url":"https:\/\/alexmobilier.ro\/vestiare\/wp-content\/uploads\/2020\/03\/3-Ipari_berendezes-03-Fiokos_kontener_800x560px-1.jpg","contentUrl":"https:\/\/alexmobilier.ro\/vestiare\/wp-content\/uploads\/2020\/03\/3-Ipari_berendezes-03-Fiokos_kontener_800x560px-1.jpg","width":800,"height":560},{"@type":"BreadcrumbList","@id":"https:\/\/alexmobilier.ro\/vestiare\/categorii\/echipament-industrial\/containere-cu-sertar\/#breadcrumb","itemListElement":[{"@type":"ListItem","position":1,"name":"Home","item":"https:\/\/alexmobilier.ro\/vestiare\/"},{"@type":"ListItem","position":2,"name":"Produse","item":"https:\/\/alexmobilier.ro\/vestiare\/categorii\/"},{"@type":"ListItem","position":3,"name":"Echipament industrial","item":"https:\/\/alexmobilier.ro\/vestiare\/categorii\/echipament-industrial\/"},{"@type":"ListItem","position":4,"name":"Containere cu sertar"}]},{"@type":"WebSite","@id":"https:\/\/alexmobilier.ro\/vestiare\/#website","url":"https:\/\/alexmobilier.ro\/vestiare\/","name":"Vestiar","description":"ALEX MOBILIER MACS","potentialAction":[{"@type":"SearchAction","target":{"@type":"EntryPoint","urlTemplate":"https:\/\/alexmobilier.ro\/vestiare\/?s={search_term_string}"},"query-input":{"@type":"PropertyValueSpecification","valueRequired":true,"valueName":"search_term_string"}}],"inLanguage":"en-US"}]}},"_links":{"self":[{"href":"https:\/\/alexmobilier.ro\/vestiare\/wp-json\/wp\/v2\/pages\/31384","targetHints":{"allow":["GET"]}}],"collection":[{"href":"https:\/\/alexmobilier.ro\/vestiare\/wp-json\/wp\/v2\/pages"}],"about":[{"href":"https:\/\/alexmobilier.ro\/vestiare\/wp-json\/wp\/v2\/types\/page"}],"author":[{"embeddable":true,"href":"https:\/\/alexmobilier.ro\/vestiare\/wp-json\/wp\/v2\/users\/1"}],"replies":[{"embeddable":true,"href":"https:\/\/alexmobilier.ro\/vestiare\/wp-json\/wp\/v2\/comments?post=31384"}],"version-history":[{"count":2,"href":"https:\/\/alexmobilier.ro\/vestiare\/wp-json\/wp\/v2\/pages\/31384\/revisions"}],"predecessor-version":[{"id":92829,"href":"https:\/\/alexmobilier.ro\/vestiare\/wp-json\/wp\/v2\/pages\/31384\/revisions\/92829"}],"up":[{"embeddable":true,"href":"https:\/\/alexmobilier.ro\/vestiare\/wp-json\/wp\/v2\/pages\/31378"}],"wp:featuredmedia":[{"embeddable":true,"href":"https:\/\/alexmobilier.ro\/vestiare\/wp-json\/wp\/v2\/media\/92823"}],"wp:attachment":[{"href":"https:\/\/alexmobilier.ro\/vestiare\/wp-json\/wp\/v2\/media?parent=31384"}],"curies":[{"name":"wp","href":"https:\/\/api.w.org\/{rel}","templated":true}]}}

<!-- This site is optimized with the Yoast SEO plugin v25.2 - https://yoast.com/wordpress/plugins/seo/ -->
<title>Containere cu sertar - Vestiar</title>
<meta name="description" content="Fiókos konténerek, szerszámszekrények. Nagy mobilitás, görgős és zárható kivitel. Kérje az Alex Fémbútor Kft. személyre szabott ajánlatát!" />
<meta name="robots" content="index, follow, max-snippet:-1, max-image-preview:large, max-video-preview:-1" />
<link rel="canonical" href="https://alexmobilier.ro/vestiare/categorii/echipament-industrial/containere-cu-sertar/" />
<meta property="og:locale" content="en_US" />
<meta property="og:type" content="article" />
<meta property="og:title" content="Containere cu sertar - Vestiar" />
<meta property="og:description" content="Fiókos konténerek, szerszámszekrények. Nagy mobilitás, görgős és zárható kivitel. Kérje az Alex Fémbútor Kft. személyre szabott ajánlatát!" />
<meta property="og:url" content="https://alexmobilier.ro/vestiare/categorii/echipament-industrial/containere-cu-sertar/" />
<meta property="og:site_name" content="Vestiar" />
<meta property="article:modified_time" content="2020-03-06T10:41:57+00:00" />
<meta property="og:image" content="https://alexmobilier.ro/vestiare/wp-content/uploads/2020/03/3-Ipari_berendezes-03-Fiokos_kontener_800x560px-1.jpg" />
	<meta property="og:image:width" content="800" />
	<meta property="og:image:height" content="560" />
	<meta property="og:image:type" content="image/jpeg" />
<meta name="twitter:card" content="summary_large_image" />
<script type="application/ld+json" class="yoast-schema-graph">{"@context":"https://schema.org","@graph":[{"@type":"WebPage","@id":"https://alexmobilier.ro/vestiare/categorii/echipament-industrial/containere-cu-sertar/","url":"https://alexmobilier.ro/vestiare/categorii/echipament-industrial/containere-cu-sertar/","name":"Containere cu sertar - Vestiar","isPartOf":{"@id":"https://alexmobilier.ro/vestiare/#website"},"primaryImageOfPage":{"@id":"https://alexmobilier.ro/vestiare/categorii/echipament-industrial/containere-cu-sertar/#primaryimage"},"image":{"@id":"https://alexmobilier.ro/vestiare/categorii/echipament-industrial/containere-cu-sertar/#primaryimage"},"thumbnailUrl":"https://alexmobilier.ro/vestiare/wp-content/uploads/2020/03/3-Ipari_berendezes-03-Fiokos_kontener_800x560px-1.jpg","datePublished":"2016-11-30T14:05:03+00:00","dateModified":"2020-03-06T10:41:57+00:00","description":"Fiókos konténerek, szerszámszekrények. Nagy mobilitás, görgős és zárható kivitel. Kérje az Alex Fémbútor Kft. személyre szabott ajánlatát!","breadcrumb":{"@id":"https://alexmobilier.ro/vestiare/categorii/echipament-industrial/containere-cu-sertar/#breadcrumb"},"inLanguage":"en-US","potentialAction":[{"@type":"ReadAction","target":["https://alexmobilier.ro/vestiare/categorii/echipament-industrial/containere-cu-sertar/"]}]},{"@type":"ImageObject","inLanguage":"en-US","@id":"https://alexmobilier.ro/vestiare/categorii/echipament-industrial/containere-cu-sertar/#primaryimage","url":"https://alexmobilier.ro/vestiare/wp-content/uploads/2020/03/3-Ipari_berendezes-03-Fiokos_kontener_800x560px-1.jpg","contentUrl":"https://alexmobilier.ro/vestiare/wp-content/uploads/2020/03/3-Ipari_berendezes-03-Fiokos_kontener_800x560px-1.jpg","width":800,"height":560},{"@type":"BreadcrumbList","@id":"https://alexmobilier.ro/vestiare/categorii/echipament-industrial/containere-cu-sertar/#breadcrumb","itemListElement":[{"@type":"ListItem","position":1,"name":"Home","item":"https://alexmobilier.ro/vestiare/"},{"@type":"ListItem","position":2,"name":"Produse","item":"https://alexmobilier.ro/vestiare/categorii/"},{"@type":"ListItem","position":3,"name":"Echipament industrial","item":"https://alexmobilier.ro/vestiare/categorii/echipament-industrial/"},{"@type":"ListItem","position":4,"name":"Containere cu sertar"}]},{"@type":"WebSite","@id":"https://alexmobilier.ro/vestiare/#website","url":"https://alexmobilier.ro/vestiare/","name":"Vestiar","description":"ALEX MOBILIER MACS","potentialAction":[{"@type":"SearchAction","target":{"@type":"EntryPoint","urlTemplate":"https://alexmobilier.ro/vestiare/?s={search_term_string}"},"query-input":{"@type":"PropertyValueSpecification","valueRequired":true,"valueName":"search_term_string"}}],"inLanguage":"en-US"}]}</script>
<!-- / Yoast SEO plugin. -->

Fiókos konténerek, szerszámszekrények. Nagy mobilitás, görgős és zárható kivitel. Kérje az Alex Fémbútor Kft. személyre szabott ajánlatát!
