{"id":31372,"date":"2016-11-30T14:02:58","date_gmt":"2016-11-30T14:02:58","guid":{"rendered":"http:\/\/alexbutor.hu\/oltozobutor\/?page_id=31372"},"modified":"2026-02-23T12:04:13","modified_gmt":"2026-02-23T12:04:13","slug":"banca-vestiar","status":"publish","type":"page","link":"https:\/\/alexmobilier.ro\/vestiare\/categorii\/banca-vestiar\/","title":{"rendered":"Banc\u0103 vestiar"},"content":{"rendered":"\r\n\t<li class=\"portfolio_item isotope-item\"><div class=\"portfolio_item_holder\"><figure class=\"thumbnail thumbnail__portfolio\"><a href=\"https:\/\/alexmobilier.ro\/vestiare\/categorii\/banca-vestiar\/banca-vestiar-fitt\/\" class=\"image-wrap\"><img decoding=\"async\" src=\"https:\/\/alexmobilier.ro\/vestiare\/wp-content\/uploads\/2020\/03\/Fitt_oltozopad.jpg\" alt=\"Banc\u0103 vestiar Fitt\"><\/a><\/figure><div class=\"caption caption__portfolio\"><h3><a href=\"https:\/\/alexmobilier.ro\/vestiare\/categorii\/banca-vestiar\/banca-vestiar-fitt\/\">Banc\u0103 vestiar Fitt<\/a><\/h3><\/div><\/div><\/li>\n\r\n\t<li class=\"portfolio_item isotope-item\"><div class=\"portfolio_item_holder\"><figure class=\"thumbnail thumbnail__portfolio\"><a href=\"https:\/\/alexmobilier.ro\/vestiare\/categorii\/banca-vestiar\/banca-vestiar-kraft\/\" class=\"image-wrap\"><img decoding=\"async\" src=\"https:\/\/alexmobilier.ro\/vestiare\/wp-content\/uploads\/2021\/08\/kraft.jpg\" alt=\"Banc\u0103 vestiar Kraft\"><\/a><\/figure><div class=\"caption caption__portfolio\"><h3><a href=\"https:\/\/alexmobilier.ro\/vestiare\/categorii\/banca-vestiar\/banca-vestiar-kraft\/\">Banc\u0103 vestiar Kraft<\/a><\/h3><\/div><\/div><\/li>\n\r\n\t<li class=\"portfolio_item isotope-item\"><div class=\"portfolio_item_holder\"><figure class=\"thumbnail thumbnail__portfolio\"><a href=\"https:\/\/alexmobilier.ro\/vestiare\/categorii\/banca-vestiar\/domino\/\" class=\"image-wrap\"><img decoding=\"async\" src=\"https:\/\/alexmobilier.ro\/vestiare\/wp-content\/uploads\/2021\/08\/domino.jpg\" alt=\"Domino\"><\/a><\/figure><div class=\"caption caption__portfolio\"><h3><a href=\"https:\/\/alexmobilier.ro\/vestiare\/categorii\/banca-vestiar\/domino\/\">Domino<\/a><\/h3><\/div><\/div><\/li>\n\r\n\t<li class=\"portfolio_item isotope-item\"><div class=\"portfolio_item_holder\"><figure class=\"thumbnail thumbnail__portfolio\"><a href=\"https:\/\/alexmobilier.ro\/vestiare\/categorii\/banca-vestiar\/vital\/\" class=\"image-wrap\"><img decoding=\"async\" src=\"https:\/\/alexmobilier.ro\/vestiare\/wp-content\/uploads\/2021\/08\/vital.jpg\" alt=\"Vital\"><\/a><\/figure><div class=\"caption caption__portfolio\"><h3><a href=\"https:\/\/alexmobilier.ro\/vestiare\/categorii\/banca-vestiar\/vital\/\">Vital<\/a><\/h3><\/div><\/div><\/li>\n\r\n\t<li class=\"portfolio_item isotope-item\"><div class=\"portfolio_item_holder\"><figure class=\"thumbnail thumbnail__portfolio\"><a href=\"https:\/\/alexmobilier.ro\/vestiare\/categorii\/banca-vestiar\/klass\/\" class=\"image-wrap\"><img decoding=\"async\" src=\"https:\/\/alexmobilier.ro\/vestiare\/wp-content\/uploads\/2021\/08\/klass.jpg\" alt=\"Klass\"><\/a><\/figure><div class=\"caption caption__portfolio\"><h3><a href=\"https:\/\/alexmobilier.ro\/vestiare\/categorii\/banca-vestiar\/klass\/\">Klass<\/a><\/h3><\/div><\/div><\/li>\n\r\n\t<li class=\"portfolio_item isotope-item\"><div class=\"portfolio_item_holder\"><figure class=\"thumbnail thumbnail__portfolio\"><a href=\"https:\/\/alexmobilier.ro\/vestiare\/categorii\/banca-vestiar\/atlanta\/\" class=\"image-wrap\"><img decoding=\"async\" src=\"https:\/\/alexmobilier.ro\/vestiare\/wp-content\/uploads\/2021\/08\/atlanta.jpg\" alt=\"Atlanta\"><\/a><\/figure><div class=\"caption caption__portfolio\"><h3><a href=\"https:\/\/alexmobilier.ro\/vestiare\/categorii\/banca-vestiar\/atlanta\/\">Atlanta<\/a><\/h3><\/div><\/div><\/li>\n","protected":false},"excerpt":{"rendered":"","protected":false},"author":1,"featured_media":34625,"parent":10,"menu_order":0,"comment_status":"closed","ping_status":"closed","template":"page-Portfolio2Cols-alexsub.php","meta":{"footnotes":""},"class_list":["post-31372","page","type-page","status-publish","has-post-thumbnail","hentry"],"yoast_head":"<!-- This site is optimized with the Yoast SEO plugin v25.2 - https:\/\/yoast.com\/wordpress\/plugins\/seo\/ -->\n<title>B\u0103nci vestiar - Lemn, WPC, Metal<\/title>\n<meta name=\"description\" content=\"B\u0103nci de vestiar configurabile, cu suport \u00eenc\u0103l\u021b\u0103minte \u0219i op\u021biuni personalizate. Direct de la produc\u0103tor. Ofert\u0103 \u00een 24h.\" \/>\n<meta name=\"robots\" content=\"index, follow, max-snippet:-1, max-image-preview:large, max-video-preview:-1\" \/>\n<link rel=\"canonical\" href=\"https:\/\/alexmobilier.ro\/vestiare\/categorii\/banca-vestiar\/\" \/>\n<meta property=\"og:locale\" content=\"en_US\" \/>\n<meta property=\"og:type\" content=\"article\" \/>\n<meta property=\"og:title\" content=\"B\u0103nci vestiar - Lemn, WPC, Metal\" \/>\n<meta property=\"og:description\" content=\"B\u0103nci de vestiar configurabile, cu suport \u00eenc\u0103l\u021b\u0103minte \u0219i op\u021biuni personalizate. Direct de la produc\u0103tor. Ofert\u0103 \u00een 24h.\" \/>\n<meta property=\"og:url\" content=\"https:\/\/alexmobilier.ro\/vestiare\/categorii\/banca-vestiar\/\" \/>\n<meta property=\"og:site_name\" content=\"Vestiar\" \/>\n<meta property=\"article:modified_time\" content=\"2026-02-23T12:04:13+00:00\" \/>\n<meta name=\"twitter:card\" content=\"summary_large_image\" \/>\n<meta name=\"twitter:label1\" content=\"Est. reading time\" \/>\n\t<meta name=\"twitter:data1\" content=\"1 minute\" \/>\n<script type=\"application\/ld+json\" class=\"yoast-schema-graph\">{\"@context\":\"https:\/\/schema.org\",\"@graph\":[{\"@type\":\"WebPage\",\"@id\":\"https:\/\/alexmobilier.ro\/vestiare\/categorii\/banca-vestiar\/\",\"url\":\"https:\/\/alexmobilier.ro\/vestiare\/categorii\/banca-vestiar\/\",\"name\":\"B\u0103nci vestiar - Lemn, WPC, Metal\",\"isPartOf\":{\"@id\":\"https:\/\/alexmobilier.ro\/vestiare\/#website\"},\"primaryImageOfPage\":{\"@id\":\"https:\/\/alexmobilier.ro\/vestiare\/categorii\/banca-vestiar\/#primaryimage\"},\"image\":{\"@id\":\"https:\/\/alexmobilier.ro\/vestiare\/categorii\/banca-vestiar\/#primaryimage\"},\"thumbnailUrl\":\"\",\"datePublished\":\"2016-11-30T14:02:58+00:00\",\"dateModified\":\"2026-02-23T12:04:13+00:00\",\"description\":\"B\u0103nci de vestiar configurabile, cu suport \u00eenc\u0103l\u021b\u0103minte \u0219i op\u021biuni personalizate. Direct de la produc\u0103tor. Ofert\u0103 \u00een 24h.\",\"breadcrumb\":{\"@id\":\"https:\/\/alexmobilier.ro\/vestiare\/categorii\/banca-vestiar\/#breadcrumb\"},\"inLanguage\":\"en-US\",\"potentialAction\":[{\"@type\":\"ReadAction\",\"target\":[\"https:\/\/alexmobilier.ro\/vestiare\/categorii\/banca-vestiar\/\"]}]},{\"@type\":\"ImageObject\",\"inLanguage\":\"en-US\",\"@id\":\"https:\/\/alexmobilier.ro\/vestiare\/categorii\/banca-vestiar\/#primaryimage\",\"url\":\"\",\"contentUrl\":\"\"},{\"@type\":\"BreadcrumbList\",\"@id\":\"https:\/\/alexmobilier.ro\/vestiare\/categorii\/banca-vestiar\/#breadcrumb\",\"itemListElement\":[{\"@type\":\"ListItem\",\"position\":1,\"name\":\"Home\",\"item\":\"https:\/\/alexmobilier.ro\/vestiare\/\"},{\"@type\":\"ListItem\",\"position\":2,\"name\":\"Produse\",\"item\":\"https:\/\/alexmobilier.ro\/vestiare\/categorii\/\"},{\"@type\":\"ListItem\",\"position\":3,\"name\":\"Banc\u0103 vestiar\"}]},{\"@type\":\"WebSite\",\"@id\":\"https:\/\/alexmobilier.ro\/vestiare\/#website\",\"url\":\"https:\/\/alexmobilier.ro\/vestiare\/\",\"name\":\"Vestiar\",\"description\":\"ALEX MOBILIER MACS\",\"potentialAction\":[{\"@type\":\"SearchAction\",\"target\":{\"@type\":\"EntryPoint\",\"urlTemplate\":\"https:\/\/alexmobilier.ro\/vestiare\/?s={search_term_string}\"},\"query-input\":{\"@type\":\"PropertyValueSpecification\",\"valueRequired\":true,\"valueName\":\"search_term_string\"}}],\"inLanguage\":\"en-US\"}]}<\/script>\n<!-- \/ Yoast SEO plugin. -->","yoast_head_json":{"title":"B\u0103nci vestiar - Lemn, WPC, Metal","description":"B\u0103nci de vestiar configurabile, cu suport \u00eenc\u0103l\u021b\u0103minte \u0219i op\u021biuni personalizate. Direct de la produc\u0103tor. Ofert\u0103 \u00een 24h.","robots":{"index":"index","follow":"follow","max-snippet":"max-snippet:-1","max-image-preview":"max-image-preview:large","max-video-preview":"max-video-preview:-1"},"canonical":"https:\/\/alexmobilier.ro\/vestiare\/categorii\/banca-vestiar\/","og_locale":"en_US","og_type":"article","og_title":"B\u0103nci vestiar - Lemn, WPC, Metal","og_description":"B\u0103nci de vestiar configurabile, cu suport \u00eenc\u0103l\u021b\u0103minte \u0219i op\u021biuni personalizate. Direct de la produc\u0103tor. Ofert\u0103 \u00een 24h.","og_url":"https:\/\/alexmobilier.ro\/vestiare\/categorii\/banca-vestiar\/","og_site_name":"Vestiar","article_modified_time":"2026-02-23T12:04:13+00:00","twitter_card":"summary_large_image","twitter_misc":{"Est. reading time":"1 minute"},"schema":{"@context":"https:\/\/schema.org","@graph":[{"@type":"WebPage","@id":"https:\/\/alexmobilier.ro\/vestiare\/categorii\/banca-vestiar\/","url":"https:\/\/alexmobilier.ro\/vestiare\/categorii\/banca-vestiar\/","name":"B\u0103nci vestiar - Lemn, WPC, Metal","isPartOf":{"@id":"https:\/\/alexmobilier.ro\/vestiare\/#website"},"primaryImageOfPage":{"@id":"https:\/\/alexmobilier.ro\/vestiare\/categorii\/banca-vestiar\/#primaryimage"},"image":{"@id":"https:\/\/alexmobilier.ro\/vestiare\/categorii\/banca-vestiar\/#primaryimage"},"thumbnailUrl":"","datePublished":"2016-11-30T14:02:58+00:00","dateModified":"2026-02-23T12:04:13+00:00","description":"B\u0103nci de vestiar configurabile, cu suport \u00eenc\u0103l\u021b\u0103minte \u0219i op\u021biuni personalizate. Direct de la produc\u0103tor. Ofert\u0103 \u00een 24h.","breadcrumb":{"@id":"https:\/\/alexmobilier.ro\/vestiare\/categorii\/banca-vestiar\/#breadcrumb"},"inLanguage":"en-US","potentialAction":[{"@type":"ReadAction","target":["https:\/\/alexmobilier.ro\/vestiare\/categorii\/banca-vestiar\/"]}]},{"@type":"ImageObject","inLanguage":"en-US","@id":"https:\/\/alexmobilier.ro\/vestiare\/categorii\/banca-vestiar\/#primaryimage","url":"","contentUrl":""},{"@type":"BreadcrumbList","@id":"https:\/\/alexmobilier.ro\/vestiare\/categorii\/banca-vestiar\/#breadcrumb","itemListElement":[{"@type":"ListItem","position":1,"name":"Home","item":"https:\/\/alexmobilier.ro\/vestiare\/"},{"@type":"ListItem","position":2,"name":"Produse","item":"https:\/\/alexmobilier.ro\/vestiare\/categorii\/"},{"@type":"ListItem","position":3,"name":"Banc\u0103 vestiar"}]},{"@type":"WebSite","@id":"https:\/\/alexmobilier.ro\/vestiare\/#website","url":"https:\/\/alexmobilier.ro\/vestiare\/","name":"Vestiar","description":"ALEX MOBILIER MACS","potentialAction":[{"@type":"SearchAction","target":{"@type":"EntryPoint","urlTemplate":"https:\/\/alexmobilier.ro\/vestiare\/?s={search_term_string}"},"query-input":{"@type":"PropertyValueSpecification","valueRequired":true,"valueName":"search_term_string"}}],"inLanguage":"en-US"}]}},"_links":{"self":[{"href":"https:\/\/alexmobilier.ro\/vestiare\/wp-json\/wp\/v2\/pages\/31372","targetHints":{"allow":["GET"]}}],"collection":[{"href":"https:\/\/alexmobilier.ro\/vestiare\/wp-json\/wp\/v2\/pages"}],"about":[{"href":"https:\/\/alexmobilier.ro\/vestiare\/wp-json\/wp\/v2\/types\/page"}],"author":[{"embeddable":true,"href":"https:\/\/alexmobilier.ro\/vestiare\/wp-json\/wp\/v2\/users\/1"}],"replies":[{"embeddable":true,"href":"https:\/\/alexmobilier.ro\/vestiare\/wp-json\/wp\/v2\/comments?post=31372"}],"version-history":[{"count":5,"href":"https:\/\/alexmobilier.ro\/vestiare\/wp-json\/wp\/v2\/pages\/31372\/revisions"}],"predecessor-version":[{"id":109224,"href":"https:\/\/alexmobilier.ro\/vestiare\/wp-json\/wp\/v2\/pages\/31372\/revisions\/109224"}],"up":[{"embeddable":true,"href":"https:\/\/alexmobilier.ro\/vestiare\/wp-json\/wp\/v2\/pages\/10"}],"wp:featuredmedia":[{"embeddable":true,"href":"https:\/\/alexmobilier.ro\/vestiare\/wp-json\/"}],"wp:attachment":[{"href":"https:\/\/alexmobilier.ro\/vestiare\/wp-json\/wp\/v2\/media?parent=31372"}],"curies":[{"name":"wp","href":"https:\/\/api.w.org\/{rel}","templated":true}]}}