{"id":31342,"date":"2016-11-30T13:57:41","date_gmt":"2016-11-30T13:57:41","guid":{"rendered":"http:\/\/alexbutor.hu\/oltozobutor\/?page_id=31342"},"modified":"2020-03-06T10:21:40","modified_gmt":"2020-03-06T10:21:40","slug":"dulap-vestiar-usa-scurta","status":"publish","type":"page","link":"https:\/\/alexmobilier.ro\/vestiare\/categorii\/dulap-vestiar\/dulap-vestiar-din-pal-melaminat\/dulap-vestiar-usa-scurta\/","title":{"rendered":"Dulap vestiar u\u0219\u0103 scurt\u0103"},"content":{"rendered":"","protected":false},"excerpt":{"rendered":"","protected":false},"author":1,"featured_media":92780,"parent":31338,"menu_order":0,"comment_status":"closed","ping_status":"closed","template":"page-Portfolio4Cols-filterable.php","meta":{"footnotes":""},"class_list":["post-31342","page","type-page","status-publish","has-post-thumbnail","hentry"],"yoast_head":"<!-- This site is optimized with the Yoast SEO plugin v25.2 - https:\/\/yoast.com\/wordpress\/plugins\/seo\/ -->\n<title>Dulap vestiar u\u0219\u0103 scurt\u0103 - Vestiar<\/title>\n<meta name=\"description\" content=\"A FITT r\u00f6vidajt\u00f3s \u00f6lt\u00f6z\u0151szekr\u00e9ny ide\u00e1lis megold\u00e1s, ha az iskola, sport vagy ipari \u00f6lt\u00f6z\u0151ben kev\u00e9s a hely. T\u00f6bbf\u00e9le modell \u2013 Garancia. K\u00e9rje aj\u00e1nlatunkat!\" \/>\n<meta name=\"robots\" content=\"index, follow, max-snippet:-1, max-image-preview:large, max-video-preview:-1\" \/>\n<link rel=\"canonical\" href=\"https:\/\/alexmobilier.ro\/vestiare\/categorii\/dulap-vestiar\/dulap-vestiar-din-pal-melaminat\/dulap-vestiar-usa-scurta\/\" \/>\n<meta property=\"og:locale\" content=\"en_US\" \/>\n<meta property=\"og:type\" content=\"article\" \/>\n<meta property=\"og:title\" content=\"Dulap vestiar u\u0219\u0103 scurt\u0103 - Vestiar\" \/>\n<meta property=\"og:description\" content=\"A FITT r\u00f6vidajt\u00f3s \u00f6lt\u00f6z\u0151szekr\u00e9ny ide\u00e1lis megold\u00e1s, ha az iskola, sport vagy ipari \u00f6lt\u00f6z\u0151ben kev\u00e9s a hely. T\u00f6bbf\u00e9le modell \u2013 Garancia. K\u00e9rje aj\u00e1nlatunkat!\" \/>\n<meta property=\"og:url\" content=\"https:\/\/alexmobilier.ro\/vestiare\/categorii\/dulap-vestiar\/dulap-vestiar-din-pal-melaminat\/dulap-vestiar-usa-scurta\/\" \/>\n<meta property=\"og:site_name\" content=\"Vestiar\" \/>\n<meta property=\"article:modified_time\" content=\"2020-03-06T10:21:40+00:00\" \/>\n<meta property=\"og:image\" content=\"https:\/\/alexmobilier.ro\/vestiare\/wp-content\/uploads\/2020\/03\/1.1-Butorlapos_oltozoszekreny-Rovid_ajtos_800x560px.jpg\" \/>\n\t<meta property=\"og:image:width\" content=\"800\" \/>\n\t<meta property=\"og:image:height\" content=\"560\" \/>\n\t<meta property=\"og:image:type\" content=\"image\/jpeg\" \/>\n<meta name=\"twitter:card\" content=\"summary_large_image\" \/>\n<script type=\"application\/ld+json\" class=\"yoast-schema-graph\">{\"@context\":\"https:\/\/schema.org\",\"@graph\":[{\"@type\":\"WebPage\",\"@id\":\"https:\/\/alexmobilier.ro\/vestiare\/categorii\/dulap-vestiar\/dulap-vestiar-din-pal-melaminat\/dulap-vestiar-usa-scurta\/\",\"url\":\"https:\/\/alexmobilier.ro\/vestiare\/categorii\/dulap-vestiar\/dulap-vestiar-din-pal-melaminat\/dulap-vestiar-usa-scurta\/\",\"name\":\"Dulap vestiar u\u0219\u0103 scurt\u0103 - Vestiar\",\"isPartOf\":{\"@id\":\"https:\/\/alexmobilier.ro\/vestiare\/#website\"},\"primaryImageOfPage\":{\"@id\":\"https:\/\/alexmobilier.ro\/vestiare\/categorii\/dulap-vestiar\/dulap-vestiar-din-pal-melaminat\/dulap-vestiar-usa-scurta\/#primaryimage\"},\"image\":{\"@id\":\"https:\/\/alexmobilier.ro\/vestiare\/categorii\/dulap-vestiar\/dulap-vestiar-din-pal-melaminat\/dulap-vestiar-usa-scurta\/#primaryimage\"},\"thumbnailUrl\":\"https:\/\/alexmobilier.ro\/vestiare\/wp-content\/uploads\/2020\/03\/1.1-Butorlapos_oltozoszekreny-Rovid_ajtos_800x560px.jpg\",\"datePublished\":\"2016-11-30T13:57:41+00:00\",\"dateModified\":\"2020-03-06T10:21:40+00:00\",\"description\":\"A FITT r\u00f6vidajt\u00f3s \u00f6lt\u00f6z\u0151szekr\u00e9ny ide\u00e1lis megold\u00e1s, ha az iskola, sport vagy ipari \u00f6lt\u00f6z\u0151ben kev\u00e9s a hely. T\u00f6bbf\u00e9le modell \u2013 Garancia. K\u00e9rje aj\u00e1nlatunkat!\",\"breadcrumb\":{\"@id\":\"https:\/\/alexmobilier.ro\/vestiare\/categorii\/dulap-vestiar\/dulap-vestiar-din-pal-melaminat\/dulap-vestiar-usa-scurta\/#breadcrumb\"},\"inLanguage\":\"en-US\",\"potentialAction\":[{\"@type\":\"ReadAction\",\"target\":[\"https:\/\/alexmobilier.ro\/vestiare\/categorii\/dulap-vestiar\/dulap-vestiar-din-pal-melaminat\/dulap-vestiar-usa-scurta\/\"]}]},{\"@type\":\"ImageObject\",\"inLanguage\":\"en-US\",\"@id\":\"https:\/\/alexmobilier.ro\/vestiare\/categorii\/dulap-vestiar\/dulap-vestiar-din-pal-melaminat\/dulap-vestiar-usa-scurta\/#primaryimage\",\"url\":\"https:\/\/alexmobilier.ro\/vestiare\/wp-content\/uploads\/2020\/03\/1.1-Butorlapos_oltozoszekreny-Rovid_ajtos_800x560px.jpg\",\"contentUrl\":\"https:\/\/alexmobilier.ro\/vestiare\/wp-content\/uploads\/2020\/03\/1.1-Butorlapos_oltozoszekreny-Rovid_ajtos_800x560px.jpg\",\"width\":800,\"height\":560},{\"@type\":\"BreadcrumbList\",\"@id\":\"https:\/\/alexmobilier.ro\/vestiare\/categorii\/dulap-vestiar\/dulap-vestiar-din-pal-melaminat\/dulap-vestiar-usa-scurta\/#breadcrumb\",\"itemListElement\":[{\"@type\":\"ListItem\",\"position\":1,\"name\":\"Home\",\"item\":\"https:\/\/alexmobilier.ro\/vestiare\/\"},{\"@type\":\"ListItem\",\"position\":2,\"name\":\"Produse\",\"item\":\"https:\/\/alexmobilier.ro\/vestiare\/categorii\/\"},{\"@type\":\"ListItem\",\"position\":3,\"name\":\"Dulap vestiar\",\"item\":\"https:\/\/alexmobilier.ro\/vestiare\/categorii\/dulap-vestiar\/\"},{\"@type\":\"ListItem\",\"position\":4,\"name\":\"Dulap vestiar din PAL melaminat\",\"item\":\"https:\/\/alexmobilier.ro\/vestiare\/categorii\/dulap-vestiar\/dulap-vestiar-din-pal-melaminat\/\"},{\"@type\":\"ListItem\",\"position\":5,\"name\":\"Dulap vestiar u\u0219\u0103 scurt\u0103\"}]},{\"@type\":\"WebSite\",\"@id\":\"https:\/\/alexmobilier.ro\/vestiare\/#website\",\"url\":\"https:\/\/alexmobilier.ro\/vestiare\/\",\"name\":\"Vestiar\",\"description\":\"ALEX MOBILIER MACS\",\"potentialAction\":[{\"@type\":\"SearchAction\",\"target\":{\"@type\":\"EntryPoint\",\"urlTemplate\":\"https:\/\/alexmobilier.ro\/vestiare\/?s={search_term_string}\"},\"query-input\":{\"@type\":\"PropertyValueSpecification\",\"valueRequired\":true,\"valueName\":\"search_term_string\"}}],\"inLanguage\":\"en-US\"}]}<\/script>\n<!-- \/ Yoast SEO plugin. -->","yoast_head_json":{"title":"Dulap vestiar u\u0219\u0103 scurt\u0103 - Vestiar","description":"A FITT r\u00f6vidajt\u00f3s \u00f6lt\u00f6z\u0151szekr\u00e9ny ide\u00e1lis megold\u00e1s, ha az iskola, sport vagy ipari \u00f6lt\u00f6z\u0151ben kev\u00e9s a hely. T\u00f6bbf\u00e9le modell \u2013 Garancia. K\u00e9rje aj\u00e1nlatunkat!","robots":{"index":"index","follow":"follow","max-snippet":"max-snippet:-1","max-image-preview":"max-image-preview:large","max-video-preview":"max-video-preview:-1"},"canonical":"https:\/\/alexmobilier.ro\/vestiare\/categorii\/dulap-vestiar\/dulap-vestiar-din-pal-melaminat\/dulap-vestiar-usa-scurta\/","og_locale":"en_US","og_type":"article","og_title":"Dulap vestiar u\u0219\u0103 scurt\u0103 - Vestiar","og_description":"A FITT r\u00f6vidajt\u00f3s \u00f6lt\u00f6z\u0151szekr\u00e9ny ide\u00e1lis megold\u00e1s, ha az iskola, sport vagy ipari \u00f6lt\u00f6z\u0151ben kev\u00e9s a hely. T\u00f6bbf\u00e9le modell \u2013 Garancia. K\u00e9rje aj\u00e1nlatunkat!","og_url":"https:\/\/alexmobilier.ro\/vestiare\/categorii\/dulap-vestiar\/dulap-vestiar-din-pal-melaminat\/dulap-vestiar-usa-scurta\/","og_site_name":"Vestiar","article_modified_time":"2020-03-06T10:21:40+00:00","og_image":[{"width":800,"height":560,"url":"https:\/\/alexmobilier.ro\/vestiare\/wp-content\/uploads\/2020\/03\/1.1-Butorlapos_oltozoszekreny-Rovid_ajtos_800x560px.jpg","type":"image\/jpeg"}],"twitter_card":"summary_large_image","schema":{"@context":"https:\/\/schema.org","@graph":[{"@type":"WebPage","@id":"https:\/\/alexmobilier.ro\/vestiare\/categorii\/dulap-vestiar\/dulap-vestiar-din-pal-melaminat\/dulap-vestiar-usa-scurta\/","url":"https:\/\/alexmobilier.ro\/vestiare\/categorii\/dulap-vestiar\/dulap-vestiar-din-pal-melaminat\/dulap-vestiar-usa-scurta\/","name":"Dulap vestiar u\u0219\u0103 scurt\u0103 - Vestiar","isPartOf":{"@id":"https:\/\/alexmobilier.ro\/vestiare\/#website"},"primaryImageOfPage":{"@id":"https:\/\/alexmobilier.ro\/vestiare\/categorii\/dulap-vestiar\/dulap-vestiar-din-pal-melaminat\/dulap-vestiar-usa-scurta\/#primaryimage"},"image":{"@id":"https:\/\/alexmobilier.ro\/vestiare\/categorii\/dulap-vestiar\/dulap-vestiar-din-pal-melaminat\/dulap-vestiar-usa-scurta\/#primaryimage"},"thumbnailUrl":"https:\/\/alexmobilier.ro\/vestiare\/wp-content\/uploads\/2020\/03\/1.1-Butorlapos_oltozoszekreny-Rovid_ajtos_800x560px.jpg","datePublished":"2016-11-30T13:57:41+00:00","dateModified":"2020-03-06T10:21:40+00:00","description":"A FITT r\u00f6vidajt\u00f3s \u00f6lt\u00f6z\u0151szekr\u00e9ny ide\u00e1lis megold\u00e1s, ha az iskola, sport vagy ipari \u00f6lt\u00f6z\u0151ben kev\u00e9s a hely. T\u00f6bbf\u00e9le modell \u2013 Garancia. K\u00e9rje aj\u00e1nlatunkat!","breadcrumb":{"@id":"https:\/\/alexmobilier.ro\/vestiare\/categorii\/dulap-vestiar\/dulap-vestiar-din-pal-melaminat\/dulap-vestiar-usa-scurta\/#breadcrumb"},"inLanguage":"en-US","potentialAction":[{"@type":"ReadAction","target":["https:\/\/alexmobilier.ro\/vestiare\/categorii\/dulap-vestiar\/dulap-vestiar-din-pal-melaminat\/dulap-vestiar-usa-scurta\/"]}]},{"@type":"ImageObject","inLanguage":"en-US","@id":"https:\/\/alexmobilier.ro\/vestiare\/categorii\/dulap-vestiar\/dulap-vestiar-din-pal-melaminat\/dulap-vestiar-usa-scurta\/#primaryimage","url":"https:\/\/alexmobilier.ro\/vestiare\/wp-content\/uploads\/2020\/03\/1.1-Butorlapos_oltozoszekreny-Rovid_ajtos_800x560px.jpg","contentUrl":"https:\/\/alexmobilier.ro\/vestiare\/wp-content\/uploads\/2020\/03\/1.1-Butorlapos_oltozoszekreny-Rovid_ajtos_800x560px.jpg","width":800,"height":560},{"@type":"BreadcrumbList","@id":"https:\/\/alexmobilier.ro\/vestiare\/categorii\/dulap-vestiar\/dulap-vestiar-din-pal-melaminat\/dulap-vestiar-usa-scurta\/#breadcrumb","itemListElement":[{"@type":"ListItem","position":1,"name":"Home","item":"https:\/\/alexmobilier.ro\/vestiare\/"},{"@type":"ListItem","position":2,"name":"Produse","item":"https:\/\/alexmobilier.ro\/vestiare\/categorii\/"},{"@type":"ListItem","position":3,"name":"Dulap vestiar","item":"https:\/\/alexmobilier.ro\/vestiare\/categorii\/dulap-vestiar\/"},{"@type":"ListItem","position":4,"name":"Dulap vestiar din PAL melaminat","item":"https:\/\/alexmobilier.ro\/vestiare\/categorii\/dulap-vestiar\/dulap-vestiar-din-pal-melaminat\/"},{"@type":"ListItem","position":5,"name":"Dulap vestiar u\u0219\u0103 scurt\u0103"}]},{"@type":"WebSite","@id":"https:\/\/alexmobilier.ro\/vestiare\/#website","url":"https:\/\/alexmobilier.ro\/vestiare\/","name":"Vestiar","description":"ALEX MOBILIER MACS","potentialAction":[{"@type":"SearchAction","target":{"@type":"EntryPoint","urlTemplate":"https:\/\/alexmobilier.ro\/vestiare\/?s={search_term_string}"},"query-input":{"@type":"PropertyValueSpecification","valueRequired":true,"valueName":"search_term_string"}}],"inLanguage":"en-US"}]}},"_links":{"self":[{"href":"https:\/\/alexmobilier.ro\/vestiare\/wp-json\/wp\/v2\/pages\/31342","targetHints":{"allow":["GET"]}}],"collection":[{"href":"https:\/\/alexmobilier.ro\/vestiare\/wp-json\/wp\/v2\/pages"}],"about":[{"href":"https:\/\/alexmobilier.ro\/vestiare\/wp-json\/wp\/v2\/types\/page"}],"author":[{"embeddable":true,"href":"https:\/\/alexmobilier.ro\/vestiare\/wp-json\/wp\/v2\/users\/1"}],"replies":[{"embeddable":true,"href":"https:\/\/alexmobilier.ro\/vestiare\/wp-json\/wp\/v2\/comments?post=31342"}],"version-history":[{"count":2,"href":"https:\/\/alexmobilier.ro\/vestiare\/wp-json\/wp\/v2\/pages\/31342\/revisions"}],"predecessor-version":[{"id":92788,"href":"https:\/\/alexmobilier.ro\/vestiare\/wp-json\/wp\/v2\/pages\/31342\/revisions\/92788"}],"up":[{"embeddable":true,"href":"https:\/\/alexmobilier.ro\/vestiare\/wp-json\/wp\/v2\/pages\/31338"}],"wp:featuredmedia":[{"embeddable":true,"href":"https:\/\/alexmobilier.ro\/vestiare\/wp-json\/wp\/v2\/media\/92780"}],"wp:attachment":[{"href":"https:\/\/alexmobilier.ro\/vestiare\/wp-json\/wp\/v2\/media?parent=31342"}],"curies":[{"name":"wp","href":"https:\/\/api.w.org\/{rel}","templated":true}]}}