{"id":49123,"date":"2017-06-06T07:42:55","date_gmt":"2017-06-06T07:42:55","guid":{"rendered":"http:\/\/alexbutor.hu\/iskolabutor\/?page_id=49123"},"modified":"2020-07-08T15:16:24","modified_gmt":"2020-07-08T15:16:24","slug":"auditorii-si-sali-de-conferinta","status":"publish","type":"page","link":"https:\/\/alexmobilier.ro\/scolar\/mese-si-scaune\/auditorii-si-sali-de-conferinta\/","title":{"rendered":"Auditorii \u015fi s\u0103li de conferin\u0163\u0103"},"content":{"rendered":"\r\n\t<li class=\"portfolio_item isotope-item\"><div class=\"portfolio_item_holder\"><figure class=\"thumbnail thumbnail__portfolio\"><a href=\"https:\/\/alexmobilier.ro\/scolar\/categorii\/mese-si-scaune-scolare-cu-inaltime-fixa\/auditorii-si-sali-de-conferinta\/lupo\/\" class=\"image-wrap\"><img decoding=\"async\" src=\"https:\/\/alexmobilier.ro\/scolar\/wp-content\/uploads\/2020\/07\/Lupo_800x560-1.jpg\" alt=\"LUPO\"><\/a><\/figure><div class=\"caption caption__portfolio\"><h3><a href=\"https:\/\/alexmobilier.ro\/scolar\/categorii\/mese-si-scaune-scolare-cu-inaltime-fixa\/auditorii-si-sali-de-conferinta\/lupo\/\">LUPO<\/a><\/h3><\/div><\/div><\/li>\n\r\n\t<li class=\"portfolio_item isotope-item\"><div class=\"portfolio_item_holder\"><figure class=\"thumbnail thumbnail__portfolio\"><a href=\"https:\/\/alexmobilier.ro\/scolar\/categorii\/mese-si-scaune-scolare-cu-inaltime-fixa\/auditorii-si-sali-de-conferinta\/bonum\/\" class=\"image-wrap\"><img decoding=\"async\" src=\"https:\/\/alexmobilier.ro\/scolar\/wp-content\/uploads\/2018\/06\/Iskolabutor_02_Frontalis_oktatas_butorai-12_Bonum_auditorium.jpg\" alt=\"BONUM\"><\/a><\/figure><div class=\"caption caption__portfolio\"><h3><a href=\"https:\/\/alexmobilier.ro\/scolar\/categorii\/mese-si-scaune-scolare-cu-inaltime-fixa\/auditorii-si-sali-de-conferinta\/bonum\/\">BONUM<\/a><\/h3><\/div><\/div><\/li>\n","protected":false},"excerpt":{"rendered":"","protected":false},"author":1,"featured_media":88337,"parent":48411,"menu_order":0,"comment_status":"closed","ping_status":"closed","template":"page-Portfolio2Cols-alexsub.php","meta":{"footnotes":""},"class_list":["post-49123","page","type-page","status-publish","has-post-thumbnail","hentry"],"yoast_head":"<!-- This site is optimized with the Yoast SEO plugin v27.4 - https:\/\/yoast.com\/product\/yoast-seo-wordpress\/ -->\n<title>Auditorii \u015fi s\u0103li de conferin\u0163\u0103 - \u0218colar<\/title>\n<meta name=\"robots\" content=\"index, follow, max-snippet:-1, max-image-preview:large, max-video-preview:-1\" \/>\n<link rel=\"canonical\" href=\"https:\/\/alexmobilier.ro\/scolar\/mese-si-scaune\/auditorii-si-sali-de-conferinta\/\" \/>\n<meta property=\"og:locale\" content=\"en_US\" \/>\n<meta property=\"og:type\" content=\"article\" \/>\n<meta property=\"og:title\" content=\"Auditorii \u015fi s\u0103li de conferin\u0163\u0103 - \u0218colar\" \/>\n<meta property=\"og:url\" content=\"https:\/\/alexmobilier.ro\/scolar\/mese-si-scaune\/auditorii-si-sali-de-conferinta\/\" \/>\n<meta property=\"og:site_name\" content=\"\u0218colar\" \/>\n<meta property=\"article:modified_time\" content=\"2020-07-08T15:16:24+00:00\" \/>\n<meta property=\"og:image\" content=\"https:\/\/alexmobilier.ro\/scolar\/wp-content\/uploads\/2018\/06\/Iskolabutor_Auditorium.jpg\" \/>\n\t<meta property=\"og:image:width\" content=\"800\" \/>\n\t<meta property=\"og:image:height\" content=\"560\" \/>\n\t<meta property=\"og:image:type\" content=\"image\/jpeg\" \/>\n<meta name=\"twitter:card\" content=\"summary_large_image\" \/>\n<script type=\"application\/ld+json\" class=\"yoast-schema-graph\">{\"@context\":\"https:\\\/\\\/schema.org\",\"@graph\":[{\"@type\":\"WebPage\",\"@id\":\"https:\\\/\\\/alexmobilier.ro\\\/scolar\\\/mese-si-scaune\\\/auditorii-si-sali-de-conferinta\\\/\",\"url\":\"https:\\\/\\\/alexmobilier.ro\\\/scolar\\\/mese-si-scaune\\\/auditorii-si-sali-de-conferinta\\\/\",\"name\":\"Auditorii \u015fi s\u0103li de conferin\u0163\u0103 - \u0218colar\",\"isPartOf\":{\"@id\":\"https:\\\/\\\/alexmobilier.ro\\\/scolar\\\/#website\"},\"primaryImageOfPage\":{\"@id\":\"https:\\\/\\\/alexmobilier.ro\\\/scolar\\\/mese-si-scaune\\\/auditorii-si-sali-de-conferinta\\\/#primaryimage\"},\"image\":{\"@id\":\"https:\\\/\\\/alexmobilier.ro\\\/scolar\\\/mese-si-scaune\\\/auditorii-si-sali-de-conferinta\\\/#primaryimage\"},\"thumbnailUrl\":\"https:\\\/\\\/alexmobilier.ro\\\/scolar\\\/wp-content\\\/uploads\\\/2018\\\/06\\\/Iskolabutor_Auditorium.jpg\",\"datePublished\":\"2017-06-06T07:42:55+00:00\",\"dateModified\":\"2020-07-08T15:16:24+00:00\",\"breadcrumb\":{\"@id\":\"https:\\\/\\\/alexmobilier.ro\\\/scolar\\\/mese-si-scaune\\\/auditorii-si-sali-de-conferinta\\\/#breadcrumb\"},\"inLanguage\":\"en-US\",\"potentialAction\":[{\"@type\":\"ReadAction\",\"target\":[\"https:\\\/\\\/alexmobilier.ro\\\/scolar\\\/mese-si-scaune\\\/auditorii-si-sali-de-conferinta\\\/\"]}]},{\"@type\":\"ImageObject\",\"inLanguage\":\"en-US\",\"@id\":\"https:\\\/\\\/alexmobilier.ro\\\/scolar\\\/mese-si-scaune\\\/auditorii-si-sali-de-conferinta\\\/#primaryimage\",\"url\":\"https:\\\/\\\/alexmobilier.ro\\\/scolar\\\/wp-content\\\/uploads\\\/2018\\\/06\\\/Iskolabutor_Auditorium.jpg\",\"contentUrl\":\"https:\\\/\\\/alexmobilier.ro\\\/scolar\\\/wp-content\\\/uploads\\\/2018\\\/06\\\/Iskolabutor_Auditorium.jpg\",\"width\":800,\"height\":560},{\"@type\":\"BreadcrumbList\",\"@id\":\"https:\\\/\\\/alexmobilier.ro\\\/scolar\\\/mese-si-scaune\\\/auditorii-si-sali-de-conferinta\\\/#breadcrumb\",\"itemListElement\":[{\"@type\":\"ListItem\",\"position\":1,\"name\":\"Home\",\"item\":\"https:\\\/\\\/alexmobilier.ro\\\/scolar\\\/\"},{\"@type\":\"ListItem\",\"position\":2,\"name\":\"\u00cen\u0103l\u021bime fix\u0103 &#8211; draft\",\"item\":\"https:\\\/\\\/alexmobilier.ro\\\/scolar\\\/mese-si-scaune\\\/\"},{\"@type\":\"ListItem\",\"position\":3,\"name\":\"Auditorii \u015fi s\u0103li de conferin\u0163\u0103\"}]},{\"@type\":\"WebSite\",\"@id\":\"https:\\\/\\\/alexmobilier.ro\\\/scolar\\\/#website\",\"url\":\"https:\\\/\\\/alexmobilier.ro\\\/scolar\\\/\",\"name\":\"\u0218colar\",\"description\":\"ALEX MOBILIER MACS\",\"publisher\":{\"@id\":\"https:\\\/\\\/alexmobilier.ro\\\/scolar\\\/#organization\"},\"potentialAction\":[{\"@type\":\"SearchAction\",\"target\":{\"@type\":\"EntryPoint\",\"urlTemplate\":\"https:\\\/\\\/alexmobilier.ro\\\/scolar\\\/?s={search_term_string}\"},\"query-input\":{\"@type\":\"PropertyValueSpecification\",\"valueRequired\":true,\"valueName\":\"search_term_string\"}}],\"inLanguage\":\"en-US\"},{\"@type\":\"Organization\",\"@id\":\"https:\\\/\\\/alexmobilier.ro\\\/scolar\\\/#organization\",\"name\":\"Alex Mobilier\",\"url\":\"https:\\\/\\\/alexmobilier.ro\\\/scolar\\\/\",\"logo\":{\"@type\":\"ImageObject\",\"inLanguage\":\"en-US\",\"@id\":\"https:\\\/\\\/alexmobilier.ro\\\/scolar\\\/#\\\/schema\\\/logo\\\/image\\\/\",\"url\":\"https:\\\/\\\/alexmobilier.ro\\\/scolar\\\/wp-content\\\/uploads\\\/2025\\\/02\\\/LogoROMAN_allo_sarga-fekete.jpg\",\"contentUrl\":\"https:\\\/\\\/alexmobilier.ro\\\/scolar\\\/wp-content\\\/uploads\\\/2025\\\/02\\\/LogoROMAN_allo_sarga-fekete.jpg\",\"width\":452,\"height\":500,\"caption\":\"Alex Mobilier\"},\"image\":{\"@id\":\"https:\\\/\\\/alexmobilier.ro\\\/scolar\\\/#\\\/schema\\\/logo\\\/image\\\/\"}}]}<\/script>\n<!-- \/ Yoast SEO plugin. -->","yoast_head_json":{"title":"Auditorii \u015fi s\u0103li de conferin\u0163\u0103 - \u0218colar","robots":{"index":"index","follow":"follow","max-snippet":"max-snippet:-1","max-image-preview":"max-image-preview:large","max-video-preview":"max-video-preview:-1"},"canonical":"https:\/\/alexmobilier.ro\/scolar\/mese-si-scaune\/auditorii-si-sali-de-conferinta\/","og_locale":"en_US","og_type":"article","og_title":"Auditorii \u015fi s\u0103li de conferin\u0163\u0103 - \u0218colar","og_url":"https:\/\/alexmobilier.ro\/scolar\/mese-si-scaune\/auditorii-si-sali-de-conferinta\/","og_site_name":"\u0218colar","article_modified_time":"2020-07-08T15:16:24+00:00","og_image":[{"width":800,"height":560,"url":"https:\/\/alexmobilier.ro\/scolar\/wp-content\/uploads\/2018\/06\/Iskolabutor_Auditorium.jpg","type":"image\/jpeg"}],"twitter_card":"summary_large_image","schema":{"@context":"https:\/\/schema.org","@graph":[{"@type":"WebPage","@id":"https:\/\/alexmobilier.ro\/scolar\/mese-si-scaune\/auditorii-si-sali-de-conferinta\/","url":"https:\/\/alexmobilier.ro\/scolar\/mese-si-scaune\/auditorii-si-sali-de-conferinta\/","name":"Auditorii \u015fi s\u0103li de conferin\u0163\u0103 - \u0218colar","isPartOf":{"@id":"https:\/\/alexmobilier.ro\/scolar\/#website"},"primaryImageOfPage":{"@id":"https:\/\/alexmobilier.ro\/scolar\/mese-si-scaune\/auditorii-si-sali-de-conferinta\/#primaryimage"},"image":{"@id":"https:\/\/alexmobilier.ro\/scolar\/mese-si-scaune\/auditorii-si-sali-de-conferinta\/#primaryimage"},"thumbnailUrl":"https:\/\/alexmobilier.ro\/scolar\/wp-content\/uploads\/2018\/06\/Iskolabutor_Auditorium.jpg","datePublished":"2017-06-06T07:42:55+00:00","dateModified":"2020-07-08T15:16:24+00:00","breadcrumb":{"@id":"https:\/\/alexmobilier.ro\/scolar\/mese-si-scaune\/auditorii-si-sali-de-conferinta\/#breadcrumb"},"inLanguage":"en-US","potentialAction":[{"@type":"ReadAction","target":["https:\/\/alexmobilier.ro\/scolar\/mese-si-scaune\/auditorii-si-sali-de-conferinta\/"]}]},{"@type":"ImageObject","inLanguage":"en-US","@id":"https:\/\/alexmobilier.ro\/scolar\/mese-si-scaune\/auditorii-si-sali-de-conferinta\/#primaryimage","url":"https:\/\/alexmobilier.ro\/scolar\/wp-content\/uploads\/2018\/06\/Iskolabutor_Auditorium.jpg","contentUrl":"https:\/\/alexmobilier.ro\/scolar\/wp-content\/uploads\/2018\/06\/Iskolabutor_Auditorium.jpg","width":800,"height":560},{"@type":"BreadcrumbList","@id":"https:\/\/alexmobilier.ro\/scolar\/mese-si-scaune\/auditorii-si-sali-de-conferinta\/#breadcrumb","itemListElement":[{"@type":"ListItem","position":1,"name":"Home","item":"https:\/\/alexmobilier.ro\/scolar\/"},{"@type":"ListItem","position":2,"name":"\u00cen\u0103l\u021bime fix\u0103 &#8211; draft","item":"https:\/\/alexmobilier.ro\/scolar\/mese-si-scaune\/"},{"@type":"ListItem","position":3,"name":"Auditorii \u015fi s\u0103li de conferin\u0163\u0103"}]},{"@type":"WebSite","@id":"https:\/\/alexmobilier.ro\/scolar\/#website","url":"https:\/\/alexmobilier.ro\/scolar\/","name":"\u0218colar","description":"ALEX MOBILIER MACS","publisher":{"@id":"https:\/\/alexmobilier.ro\/scolar\/#organization"},"potentialAction":[{"@type":"SearchAction","target":{"@type":"EntryPoint","urlTemplate":"https:\/\/alexmobilier.ro\/scolar\/?s={search_term_string}"},"query-input":{"@type":"PropertyValueSpecification","valueRequired":true,"valueName":"search_term_string"}}],"inLanguage":"en-US"},{"@type":"Organization","@id":"https:\/\/alexmobilier.ro\/scolar\/#organization","name":"Alex Mobilier","url":"https:\/\/alexmobilier.ro\/scolar\/","logo":{"@type":"ImageObject","inLanguage":"en-US","@id":"https:\/\/alexmobilier.ro\/scolar\/#\/schema\/logo\/image\/","url":"https:\/\/alexmobilier.ro\/scolar\/wp-content\/uploads\/2025\/02\/LogoROMAN_allo_sarga-fekete.jpg","contentUrl":"https:\/\/alexmobilier.ro\/scolar\/wp-content\/uploads\/2025\/02\/LogoROMAN_allo_sarga-fekete.jpg","width":452,"height":500,"caption":"Alex Mobilier"},"image":{"@id":"https:\/\/alexmobilier.ro\/scolar\/#\/schema\/logo\/image\/"}}]}},"_links":{"self":[{"href":"https:\/\/alexmobilier.ro\/scolar\/wp-json\/wp\/v2\/pages\/49123","targetHints":{"allow":["GET"]}}],"collection":[{"href":"https:\/\/alexmobilier.ro\/scolar\/wp-json\/wp\/v2\/pages"}],"about":[{"href":"https:\/\/alexmobilier.ro\/scolar\/wp-json\/wp\/v2\/types\/page"}],"author":[{"embeddable":true,"href":"https:\/\/alexmobilier.ro\/scolar\/wp-json\/wp\/v2\/users\/1"}],"replies":[{"embeddable":true,"href":"https:\/\/alexmobilier.ro\/scolar\/wp-json\/wp\/v2\/comments?post=49123"}],"version-history":[{"count":3,"href":"https:\/\/alexmobilier.ro\/scolar\/wp-json\/wp\/v2\/pages\/49123\/revisions"}],"predecessor-version":[{"id":98260,"href":"https:\/\/alexmobilier.ro\/scolar\/wp-json\/wp\/v2\/pages\/49123\/revisions\/98260"}],"up":[{"embeddable":true,"href":"https:\/\/alexmobilier.ro\/scolar\/wp-json\/wp\/v2\/pages\/48411"}],"wp:featuredmedia":[{"embeddable":true,"href":"https:\/\/alexmobilier.ro\/scolar\/wp-json\/wp\/v2\/media\/88337"}],"wp:attachment":[{"href":"https:\/\/alexmobilier.ro\/scolar\/wp-json\/wp\/v2\/media?parent=49123"}],"curies":[{"name":"wp","href":"https:\/\/api.w.org\/{rel}","templated":true}]}}