{"id":48423,"date":"2017-05-24T09:43:00","date_gmt":"2017-05-24T09:43:00","guid":{"rendered":"http:\/\/alexbutor.hu\/iskolabutor\/?page_id=48423"},"modified":"2025-12-04T12:53:22","modified_gmt":"2025-12-04T12:53:22","slug":"grupa-de-mobilier-flex","status":"publish","type":"page","link":"https:\/\/alexmobilier.ro\/scolar\/categorii\/mese-si-scaune\/inaltime-fixa\/grupa-de-mobilier-flex\/","title":{"rendered":"Grupa de mobilier Flex"},"content":{"rendered":"<div class=\"yt-row\">\n<div class=\"yt-subrow yt-subrow1\">\n<iframe width=\"448\" height=\"252\" src=\"https:\/\/www.youtube.com\/embed\/hLs1fD-VAwc\" frameborder=\"0\" allow=\"accelerometer; autoplay; clipboard-write; encrypted-media; gyroscope; picture-in-picture\" allowfullscreen><\/iframe>\n<\/div>\n<div class=\"yt-subrow yt-subrow2\">\n<p>Spa\u021biu educa\u021bional f\u0103r\u0103 bariere. Lucrul la \u201eacela\u0219i nivel\u201d \u00eembun\u0103t\u0103\u021be\u0219te colaborarea, elevii au un sentiment mai mare de apartenen\u021b\u0103. U\u0219urin\u021ba mi\u0219c\u0103rii, combinabilitatea, stivuirea, alinierea \u0219i func\u021bionalitatea sunt esen\u021biale. Dezvolt\u0103rile noastre continue de mobilier permit institu\u021biilor s\u0103 achizi\u021bioneze cel mai potrivit mobilier \u0219colar multifunc\u021bional pentru acestea, pentru buna desf\u0103\u0219urare a educa\u021biei pe tot parcursul zilei. Cu ajutorul suporturilor pentru picioare ai scaunelor FLEX elevii de diferite \u00een\u0103l\u021bimi pot lucra confortabil la masa Flex pentru grupa de v\u00e2rst\u0103 6, to\u021bi la acela\u0219i nivel. Distan\u021ba dintre suportul pentru picioare \u0219i \u0219ezut a fost proiectat\u0103 \u00een conformitate cu standardul pentru grupele de v\u00e2rst\u0103 4 \u0219i 5. Utilizarea scaunelor ofer\u0103 elevilor posibilitatea de a lucra la aceea\u0219i \u00een\u0103l\u021bime. Scaunul grupei de v\u00e2rst\u0103 6 este fabricat f\u0103r\u0103 suport pentru picioare. Flexibilitatea cre\u0219te independen\u021ba. C\u00e2nd simt acest lucru, vor s\u0103 \u00eenve\u021be.<\/p>\n<\/div>\n<\/div>\n","protected":false},"excerpt":{"rendered":"<p>Spa\u021biu educa\u021bional f\u0103r\u0103 bariere. Lucrul la \u201eacela\u0219i nivel\u201d \u00eembun\u0103t\u0103\u021be\u0219te colaborarea, elevii au un sentiment mai mare de apartenen\u021b\u0103. U\u0219urin\u021ba mi\u0219c\u0103rii, combinabilitatea, stivuirea, alinierea \u0219i func\u021bionalitatea sunt esen\u021biale. Dezvolt\u0103rile noastre continue de mobilier permit institu\u021biilor s\u0103 achizi\u021bioneze cel mai potrivit mobilier \u0219colar multifunc\u021bional pentru acestea, pentru buna desf\u0103\u0219urare a educa\u021biei pe tot parcursul zilei. Cu ajutorul suporturilor pentru picioare ai scaunelor&nbsp;<a href=\"https:\/\/alexmobilier.ro\/scolar\/categorii\/mese-si-scaune\/inaltime-fixa\/grupa-de-mobilier-flex\/\" class=\"read-more\">...<\/a><\/p>\n","protected":false},"author":1,"featured_media":88344,"parent":48433,"menu_order":0,"comment_status":"closed","ping_status":"closed","template":"page-Portfolio4Cols-filterable.php","meta":{"footnotes":""},"class_list":["post-48423","page","type-page","status-publish","has-post-thumbnail","hentry"],"yoast_head":"<!-- This site is optimized with the Yoast SEO plugin v27.4 - https:\/\/yoast.com\/product\/yoast-seo-wordpress\/ -->\n<title>Grupa de mobilier Flex - \u0218colar<\/title>\n<meta name=\"robots\" content=\"index, follow, max-snippet:-1, max-image-preview:large, max-video-preview:-1\" \/>\n<link rel=\"canonical\" href=\"https:\/\/alexmobilier.ro\/scolar\/categorii\/mese-si-scaune\/inaltime-fixa\/grupa-de-mobilier-flex\/\" \/>\n<meta property=\"og:locale\" content=\"en_US\" \/>\n<meta property=\"og:type\" content=\"article\" \/>\n<meta property=\"og:title\" content=\"Grupa de mobilier Flex - \u0218colar\" \/>\n<meta property=\"og:description\" content=\"Spa\u021biu educa\u021bional f\u0103r\u0103 bariere. Lucrul la \u201eacela\u0219i nivel\u201d \u00eembun\u0103t\u0103\u021be\u0219te colaborarea, elevii au un sentiment mai mare de apartenen\u021b\u0103. U\u0219urin\u021ba mi\u0219c\u0103rii, combinabilitatea, stivuirea, alinierea \u0219i func\u021bionalitatea sunt esen\u021biale. Dezvolt\u0103rile noastre continue de mobilier permit institu\u021biilor s\u0103 achizi\u021bioneze cel mai potrivit mobilier \u0219colar multifunc\u021bional pentru acestea, pentru buna desf\u0103\u0219urare a educa\u021biei pe tot parcursul zilei. Cu ajutorul suporturilor pentru picioare ai scaunelor&nbsp;...\" \/>\n<meta property=\"og:url\" content=\"https:\/\/alexmobilier.ro\/scolar\/categorii\/mese-si-scaune\/inaltime-fixa\/grupa-de-mobilier-flex\/\" \/>\n<meta property=\"og:site_name\" content=\"\u0218colar\" \/>\n<meta property=\"article:modified_time\" content=\"2025-12-04T12:53:22+00:00\" \/>\n<meta property=\"og:image\" content=\"https:\/\/alexmobilier.ro\/scolar\/wp-content\/uploads\/2018\/06\/FLEX_800x560_kategoria_kep.jpg\" \/>\n\t<meta property=\"og:image:width\" content=\"800\" \/>\n\t<meta property=\"og:image:height\" content=\"560\" \/>\n\t<meta property=\"og:image:type\" content=\"image\/jpeg\" \/>\n<meta name=\"twitter:card\" content=\"summary_large_image\" \/>\n<meta name=\"twitter:label1\" content=\"Est. reading time\" \/>\n\t<meta name=\"twitter:data1\" content=\"1 minute\" \/>\n<script type=\"application\/ld+json\" class=\"yoast-schema-graph\">{\"@context\":\"https:\\\/\\\/schema.org\",\"@graph\":[{\"@type\":\"WebPage\",\"@id\":\"https:\\\/\\\/alexmobilier.ro\\\/scolar\\\/categorii\\\/mese-si-scaune\\\/inaltime-fixa\\\/grupa-de-mobilier-flex\\\/\",\"url\":\"https:\\\/\\\/alexmobilier.ro\\\/scolar\\\/categorii\\\/mese-si-scaune\\\/inaltime-fixa\\\/grupa-de-mobilier-flex\\\/\",\"name\":\"Grupa de mobilier Flex - \u0218colar\",\"isPartOf\":{\"@id\":\"https:\\\/\\\/alexmobilier.ro\\\/scolar\\\/#website\"},\"primaryImageOfPage\":{\"@id\":\"https:\\\/\\\/alexmobilier.ro\\\/scolar\\\/categorii\\\/mese-si-scaune\\\/inaltime-fixa\\\/grupa-de-mobilier-flex\\\/#primaryimage\"},\"image\":{\"@id\":\"https:\\\/\\\/alexmobilier.ro\\\/scolar\\\/categorii\\\/mese-si-scaune\\\/inaltime-fixa\\\/grupa-de-mobilier-flex\\\/#primaryimage\"},\"thumbnailUrl\":\"https:\\\/\\\/alexmobilier.ro\\\/scolar\\\/wp-content\\\/uploads\\\/2018\\\/06\\\/FLEX_800x560_kategoria_kep.jpg\",\"datePublished\":\"2017-05-24T09:43:00+00:00\",\"dateModified\":\"2025-12-04T12:53:22+00:00\",\"breadcrumb\":{\"@id\":\"https:\\\/\\\/alexmobilier.ro\\\/scolar\\\/categorii\\\/mese-si-scaune\\\/inaltime-fixa\\\/grupa-de-mobilier-flex\\\/#breadcrumb\"},\"inLanguage\":\"en-US\",\"potentialAction\":[{\"@type\":\"ReadAction\",\"target\":[\"https:\\\/\\\/alexmobilier.ro\\\/scolar\\\/categorii\\\/mese-si-scaune\\\/inaltime-fixa\\\/grupa-de-mobilier-flex\\\/\"]}]},{\"@type\":\"ImageObject\",\"inLanguage\":\"en-US\",\"@id\":\"https:\\\/\\\/alexmobilier.ro\\\/scolar\\\/categorii\\\/mese-si-scaune\\\/inaltime-fixa\\\/grupa-de-mobilier-flex\\\/#primaryimage\",\"url\":\"https:\\\/\\\/alexmobilier.ro\\\/scolar\\\/wp-content\\\/uploads\\\/2018\\\/06\\\/FLEX_800x560_kategoria_kep.jpg\",\"contentUrl\":\"https:\\\/\\\/alexmobilier.ro\\\/scolar\\\/wp-content\\\/uploads\\\/2018\\\/06\\\/FLEX_800x560_kategoria_kep.jpg\",\"width\":800,\"height\":560},{\"@type\":\"BreadcrumbList\",\"@id\":\"https:\\\/\\\/alexmobilier.ro\\\/scolar\\\/categorii\\\/mese-si-scaune\\\/inaltime-fixa\\\/grupa-de-mobilier-flex\\\/#breadcrumb\",\"itemListElement\":[{\"@type\":\"ListItem\",\"position\":1,\"name\":\"Home\",\"item\":\"https:\\\/\\\/alexmobilier.ro\\\/scolar\\\/\"},{\"@type\":\"ListItem\",\"position\":2,\"name\":\"Categorii\",\"item\":\"https:\\\/\\\/alexmobilier.ro\\\/scolar\\\/categorii\\\/\"},{\"@type\":\"ListItem\",\"position\":3,\"name\":\"Mese \u0219i scaune\",\"item\":\"https:\\\/\\\/alexmobilier.ro\\\/scolar\\\/categorii\\\/mese-si-scaune\\\/\"},{\"@type\":\"ListItem\",\"position\":4,\"name\":\"\u00cen\u0103l\u021bime fix\u0103\",\"item\":\"https:\\\/\\\/alexmobilier.ro\\\/scolar\\\/categorii\\\/mese-si-scaune\\\/inaltime-fixa\\\/\"},{\"@type\":\"ListItem\",\"position\":5,\"name\":\"Grupa de mobilier Flex\"}]},{\"@type\":\"WebSite\",\"@id\":\"https:\\\/\\\/alexmobilier.ro\\\/scolar\\\/#website\",\"url\":\"https:\\\/\\\/alexmobilier.ro\\\/scolar\\\/\",\"name\":\"\u0218colar\",\"description\":\"ALEX MOBILIER MACS\",\"publisher\":{\"@id\":\"https:\\\/\\\/alexmobilier.ro\\\/scolar\\\/#organization\"},\"potentialAction\":[{\"@type\":\"SearchAction\",\"target\":{\"@type\":\"EntryPoint\",\"urlTemplate\":\"https:\\\/\\\/alexmobilier.ro\\\/scolar\\\/?s={search_term_string}\"},\"query-input\":{\"@type\":\"PropertyValueSpecification\",\"valueRequired\":true,\"valueName\":\"search_term_string\"}}],\"inLanguage\":\"en-US\"},{\"@type\":\"Organization\",\"@id\":\"https:\\\/\\\/alexmobilier.ro\\\/scolar\\\/#organization\",\"name\":\"Alex Mobilier\",\"url\":\"https:\\\/\\\/alexmobilier.ro\\\/scolar\\\/\",\"logo\":{\"@type\":\"ImageObject\",\"inLanguage\":\"en-US\",\"@id\":\"https:\\\/\\\/alexmobilier.ro\\\/scolar\\\/#\\\/schema\\\/logo\\\/image\\\/\",\"url\":\"https:\\\/\\\/alexmobilier.ro\\\/scolar\\\/wp-content\\\/uploads\\\/2025\\\/02\\\/LogoROMAN_allo_sarga-fekete.jpg\",\"contentUrl\":\"https:\\\/\\\/alexmobilier.ro\\\/scolar\\\/wp-content\\\/uploads\\\/2025\\\/02\\\/LogoROMAN_allo_sarga-fekete.jpg\",\"width\":452,\"height\":500,\"caption\":\"Alex Mobilier\"},\"image\":{\"@id\":\"https:\\\/\\\/alexmobilier.ro\\\/scolar\\\/#\\\/schema\\\/logo\\\/image\\\/\"}}]}<\/script>\n<!-- \/ Yoast SEO plugin. -->","yoast_head_json":{"title":"Grupa de mobilier Flex - \u0218colar","robots":{"index":"index","follow":"follow","max-snippet":"max-snippet:-1","max-image-preview":"max-image-preview:large","max-video-preview":"max-video-preview:-1"},"canonical":"https:\/\/alexmobilier.ro\/scolar\/categorii\/mese-si-scaune\/inaltime-fixa\/grupa-de-mobilier-flex\/","og_locale":"en_US","og_type":"article","og_title":"Grupa de mobilier Flex - \u0218colar","og_description":"Spa\u021biu educa\u021bional f\u0103r\u0103 bariere. Lucrul la \u201eacela\u0219i nivel\u201d \u00eembun\u0103t\u0103\u021be\u0219te colaborarea, elevii au un sentiment mai mare de apartenen\u021b\u0103. U\u0219urin\u021ba mi\u0219c\u0103rii, combinabilitatea, stivuirea, alinierea \u0219i func\u021bionalitatea sunt esen\u021biale. Dezvolt\u0103rile noastre continue de mobilier permit institu\u021biilor s\u0103 achizi\u021bioneze cel mai potrivit mobilier \u0219colar multifunc\u021bional pentru acestea, pentru buna desf\u0103\u0219urare a educa\u021biei pe tot parcursul zilei. Cu ajutorul suporturilor pentru picioare ai scaunelor&nbsp;...","og_url":"https:\/\/alexmobilier.ro\/scolar\/categorii\/mese-si-scaune\/inaltime-fixa\/grupa-de-mobilier-flex\/","og_site_name":"\u0218colar","article_modified_time":"2025-12-04T12:53:22+00:00","og_image":[{"width":800,"height":560,"url":"https:\/\/alexmobilier.ro\/scolar\/wp-content\/uploads\/2018\/06\/FLEX_800x560_kategoria_kep.jpg","type":"image\/jpeg"}],"twitter_card":"summary_large_image","twitter_misc":{"Est. reading time":"1 minute"},"schema":{"@context":"https:\/\/schema.org","@graph":[{"@type":"WebPage","@id":"https:\/\/alexmobilier.ro\/scolar\/categorii\/mese-si-scaune\/inaltime-fixa\/grupa-de-mobilier-flex\/","url":"https:\/\/alexmobilier.ro\/scolar\/categorii\/mese-si-scaune\/inaltime-fixa\/grupa-de-mobilier-flex\/","name":"Grupa de mobilier Flex - \u0218colar","isPartOf":{"@id":"https:\/\/alexmobilier.ro\/scolar\/#website"},"primaryImageOfPage":{"@id":"https:\/\/alexmobilier.ro\/scolar\/categorii\/mese-si-scaune\/inaltime-fixa\/grupa-de-mobilier-flex\/#primaryimage"},"image":{"@id":"https:\/\/alexmobilier.ro\/scolar\/categorii\/mese-si-scaune\/inaltime-fixa\/grupa-de-mobilier-flex\/#primaryimage"},"thumbnailUrl":"https:\/\/alexmobilier.ro\/scolar\/wp-content\/uploads\/2018\/06\/FLEX_800x560_kategoria_kep.jpg","datePublished":"2017-05-24T09:43:00+00:00","dateModified":"2025-12-04T12:53:22+00:00","breadcrumb":{"@id":"https:\/\/alexmobilier.ro\/scolar\/categorii\/mese-si-scaune\/inaltime-fixa\/grupa-de-mobilier-flex\/#breadcrumb"},"inLanguage":"en-US","potentialAction":[{"@type":"ReadAction","target":["https:\/\/alexmobilier.ro\/scolar\/categorii\/mese-si-scaune\/inaltime-fixa\/grupa-de-mobilier-flex\/"]}]},{"@type":"ImageObject","inLanguage":"en-US","@id":"https:\/\/alexmobilier.ro\/scolar\/categorii\/mese-si-scaune\/inaltime-fixa\/grupa-de-mobilier-flex\/#primaryimage","url":"https:\/\/alexmobilier.ro\/scolar\/wp-content\/uploads\/2018\/06\/FLEX_800x560_kategoria_kep.jpg","contentUrl":"https:\/\/alexmobilier.ro\/scolar\/wp-content\/uploads\/2018\/06\/FLEX_800x560_kategoria_kep.jpg","width":800,"height":560},{"@type":"BreadcrumbList","@id":"https:\/\/alexmobilier.ro\/scolar\/categorii\/mese-si-scaune\/inaltime-fixa\/grupa-de-mobilier-flex\/#breadcrumb","itemListElement":[{"@type":"ListItem","position":1,"name":"Home","item":"https:\/\/alexmobilier.ro\/scolar\/"},{"@type":"ListItem","position":2,"name":"Categorii","item":"https:\/\/alexmobilier.ro\/scolar\/categorii\/"},{"@type":"ListItem","position":3,"name":"Mese \u0219i scaune","item":"https:\/\/alexmobilier.ro\/scolar\/categorii\/mese-si-scaune\/"},{"@type":"ListItem","position":4,"name":"\u00cen\u0103l\u021bime fix\u0103","item":"https:\/\/alexmobilier.ro\/scolar\/categorii\/mese-si-scaune\/inaltime-fixa\/"},{"@type":"ListItem","position":5,"name":"Grupa de mobilier Flex"}]},{"@type":"WebSite","@id":"https:\/\/alexmobilier.ro\/scolar\/#website","url":"https:\/\/alexmobilier.ro\/scolar\/","name":"\u0218colar","description":"ALEX MOBILIER MACS","publisher":{"@id":"https:\/\/alexmobilier.ro\/scolar\/#organization"},"potentialAction":[{"@type":"SearchAction","target":{"@type":"EntryPoint","urlTemplate":"https:\/\/alexmobilier.ro\/scolar\/?s={search_term_string}"},"query-input":{"@type":"PropertyValueSpecification","valueRequired":true,"valueName":"search_term_string"}}],"inLanguage":"en-US"},{"@type":"Organization","@id":"https:\/\/alexmobilier.ro\/scolar\/#organization","name":"Alex Mobilier","url":"https:\/\/alexmobilier.ro\/scolar\/","logo":{"@type":"ImageObject","inLanguage":"en-US","@id":"https:\/\/alexmobilier.ro\/scolar\/#\/schema\/logo\/image\/","url":"https:\/\/alexmobilier.ro\/scolar\/wp-content\/uploads\/2025\/02\/LogoROMAN_allo_sarga-fekete.jpg","contentUrl":"https:\/\/alexmobilier.ro\/scolar\/wp-content\/uploads\/2025\/02\/LogoROMAN_allo_sarga-fekete.jpg","width":452,"height":500,"caption":"Alex Mobilier"},"image":{"@id":"https:\/\/alexmobilier.ro\/scolar\/#\/schema\/logo\/image\/"}}]}},"_links":{"self":[{"href":"https:\/\/alexmobilier.ro\/scolar\/wp-json\/wp\/v2\/pages\/48423","targetHints":{"allow":["GET"]}}],"collection":[{"href":"https:\/\/alexmobilier.ro\/scolar\/wp-json\/wp\/v2\/pages"}],"about":[{"href":"https:\/\/alexmobilier.ro\/scolar\/wp-json\/wp\/v2\/types\/page"}],"author":[{"embeddable":true,"href":"https:\/\/alexmobilier.ro\/scolar\/wp-json\/wp\/v2\/users\/1"}],"replies":[{"embeddable":true,"href":"https:\/\/alexmobilier.ro\/scolar\/wp-json\/wp\/v2\/comments?post=48423"}],"version-history":[{"count":3,"href":"https:\/\/alexmobilier.ro\/scolar\/wp-json\/wp\/v2\/pages\/48423\/revisions"}],"predecessor-version":[{"id":100666,"href":"https:\/\/alexmobilier.ro\/scolar\/wp-json\/wp\/v2\/pages\/48423\/revisions\/100666"}],"up":[{"embeddable":true,"href":"https:\/\/alexmobilier.ro\/scolar\/wp-json\/wp\/v2\/pages\/48433"}],"wp:featuredmedia":[{"embeddable":true,"href":"https:\/\/alexmobilier.ro\/scolar\/wp-json\/wp\/v2\/media\/88344"}],"wp:attachment":[{"href":"https:\/\/alexmobilier.ro\/scolar\/wp-json\/wp\/v2\/media?parent=48423"}],"curies":[{"name":"wp","href":"https:\/\/api.w.org\/{rel}","templated":true}]}}