{"id":8,"date":"2016-06-08T07:57:17","date_gmt":"2016-06-08T07:57:17","guid":{"rendered":"http:\/\/szallodabutor.hu\/?page_id=7"},"modified":"2025-09-19T10:04:12","modified_gmt":"2025-09-19T10:04:12","slug":"dulapuri-mobilier-gradinita-mobilier-cresa-gradinita-moderna","status":"publish","type":"page","link":"https:\/\/alexmobilier.ro\/gradinita\/","title":{"rendered":"F\u0151oldal"},"content":{"rendered":"<div id=\"wppb-builder-container\" class=\"wppb-builder-container\"><div class=\"row \"><div class=\"extra-wrap block_1\"><div class=\"span12 \"><section class=\"lazy-load-box trigger effect-fade \" data-delay=\"200\" data-speed=\"1200\" style=\"-webkit-transition: all 1200ms ease; -moz-transition: all 1200ms ease; -ms-transition: all 1200ms ease; -o-transition: all 1200ms ease; transition: all 1200ms ease;\">\n<h2>NOUT\u0102\u021aI<\/h2>\n<\/section><\/div>\r\n<div class=\"span6 newhometexts-a\">\r\n\t<section class=\"lazy-load-box trigger effect-slidefromleft\" data-delay=\"200\" data-speed=\"900\" style=\"-webkit-transition: all 900ms ease; -moz-transition: all 900ms ease; -ms-transition: all 900ms ease; -o-transition: all 900ms ease; transition: all 900ms ease;\">\r\n\t\t<h3>Paturi Adi<\/h3>\r\n\t\t<p>Patul de gr\u0103dini\u021b\u0103 Adi va deveni preferatul copiilor \u0219i al doamnelor educatoare. U\u0219or \u0219i lavabil, poate fi folosit pentru a crea \u00een c\u00e2teva secunde un loc de relaxare dup\u0103 pr\u00e2nz. \u00cen limita stocului disponibil.<\/p>\r\n\t\t<a href=\"https:\/\/alexmobilier.ro\/\/gradinita\/\" class=\"btn btn-primary btn-normal btn-inline \">MAI DEPARTE<\/a>\t\t\r\n\t<\/section>\r\n<\/div><\/div><\/div><!-- .row (end) --><script type=\"text\/javascript\">\r\n          jQuery(function() {\r\n              jQuery(\"#fixedparallax_69f0b87356273\").cherryFixedParallax({\r\n                offset: true,\r\n                bgfixed: true,\r\n                invert: true\r\n              });\r\n          });\r\n    <\/script><section id=\"fixedparallax_69f0b87356273\" class=\"fixed_parallax_section cherry_fixed_parallax1\" data-source-url=\"https:\/\/alexmobilier.ro\/gradinita\/wp-content\/uploads\/2020\/03\/parallax_pic1.jpg\" data-source-width=\"1920\" data-source-height=\"1518\"><div class=\"container parallax_content\"><div class=\"row \"><div class=\"span12 \"><section class=\"lazy-load-box trigger effect-slideup \" data-delay=\"200\" data-speed=\"900\" style=\"-webkit-transition: all 900ms ease; -moz-transition: all 900ms ease; -ms-transition: all 900ms ease; -o-transition: all 900ms ease; transition: all 900ms ease;\">\n<h2>CELE MAI POPULARE \u0218I \u00ceNDR\u0102GITE PRODUSE<\/h2>\n<\/section><\/div><section class=\"lazy-load-box trigger effect-zoomout \" data-delay=\"200\" data-speed=\"900\" style=\"-webkit-transition: all 900ms ease; -moz-transition: all 900ms ease; -ms-transition: all 900ms ease; -o-transition: all 900ms ease; transition: all 900ms ease;\">\n\r\n<div class=\"span4 top-termek-a\">\r\n\t<ul class=\"alex-fooldal-top-termek\">\r\n\t\t<li class=\"portfolio_item isotope-item\">\r\n\t\t\t<div class=\"portfolio_item_holder\">\r\n\t\t\t\t<figure class=\"thumbnail thumbnail__portfolio\">\r\n\t\t\t\t\t<a href=\"https:\/\/alexmobilier.ro\/\/gradinita\/categorii\/scaune-si-mese-gradinite-si-crese\/mese-cu-cadru-metalic\/blat-din-pal-melaminat\/\" class=\"image-wrap\" title=\"Masa Basm\" >\r\n\t\t\t\t\t\t<img decoding=\"async\" src=\"https:\/\/alexmobilier.ro\/\/gradinita\/wp-content\/uploads\/2023\/03\/mese-asztal.jpg\" alt=\"Masa Basm\">\r\n\t\t\t\t\t<\/a>\r\n\t\t\t\t<\/figure>\r\n\t\t\t\t<div class=\"caption caption__portfolio\">\r\n\t\t\t\t\t<h3><a href=\"https:\/\/alexmobilier.ro\/\/gradinita\/categorii\/scaune-si-mese-gradinite-si-crese\/mese-cu-cadru-metalic\/blat-din-pal-melaminat\/\" >Masa Basm<\/a><\/h3>\r\n\t\t\t\t<\/div>\r\n\t\t\t<\/div>\r\n\t\t<\/li>\r\n\t<\/ul>\r\n\t<div class=\"spacer\"><\/div>\r\n<\/div>\r\n<div class=\"span4 top-termek-b\">\r\n\t<ul class=\"alex-fooldal-top-termek\">\r\n\t\t<li class=\"portfolio_item isotope-item\">\r\n\t\t\t<div class=\"portfolio_item_holder\">\r\n\t\t\t\t<figure class=\"thumbnail thumbnail__portfolio\">\r\n\t\t\t\t\t<a href=\"https:\/\/alexmobilier.ro\/\/gradinita\/categorii\/scaune-si-mese-gradinite-si-crese\/mese-cu-cadru-metalic\/blat-placat-cu-decorit\/\" class=\"image-wrap\" title=\"SCaun Dini\" >\r\n\t\t\t\t\t\t<img decoding=\"async\" src=\"https:\/\/alexmobilier.ro\/\/gradinita\/wp-content\/uploads\/2023\/03\/dini-szek-uj.jpg\" alt=\"SCaun Dini\">\r\n\t\t\t\t\t<\/a>\r\n\t\t\t\t<\/figure>\r\n\t\t\t\t<div class=\"caption caption__portfolio\">\r\n\t\t\t\t\t<h3><a href=\"https:\/\/alexmobilier.ro\/\/gradinita\/categorii\/scaune-si-mese-gradinite-si-crese\/mese-cu-cadru-metalic\/blat-placat-cu-decorit\/\" >SCaun Dini<\/a><\/h3>\r\n\t\t\t\t<\/div>\r\n\t\t\t<\/div>\r\n\t\t<\/li>\r\n\t<\/ul>\r\n\t<div class=\"spacer\"><\/div>\r\n<\/div>\r\n<div class=\"span4 top-termek-c\">\r\n\t<ul class=\"alex-fooldal-top-termek\">\r\n\t\t<li class=\"portfolio_item isotope-item\">\r\n\t\t\t<div class=\"portfolio_item_holder\">\r\n\t\t\t\t<figure class=\"thumbnail thumbnail__portfolio\">\r\n\t\t\t\t\t<a href=\"https:\/\/alexmobilier.ro\/\/gradinita\/produse\/scaune-si-mese-gradinite-si-crese\/scaune-cu-cadru-metalic\/vsz-0-scaun-copil-viola-scaun-viola\/\" class=\"image-wrap\" title=\"Scaun Viola\" >\r\n\t\t\t\t\t\t<img decoding=\"async\" src=\"https:\/\/alexmobilier.ro\/\/gradinita\/wp-content\/uploads\/2023\/03\/viola-ajanlat.jpg\" alt=\"Scaun Viola\">\r\n\t\t\t\t\t<\/a>\r\n\t\t\t\t<\/figure>\r\n\t\t\t\t<div class=\"caption caption__portfolio\">\r\n\t\t\t\t\t<h3><a href=\"https:\/\/alexmobilier.ro\/\/gradinita\/produse\/scaune-si-mese-gradinite-si-crese\/scaune-cu-cadru-metalic\/vsz-0-scaun-copil-viola-scaun-viola\/\" >Scaun Viola<\/a><\/h3>\r\n\t\t\t\t<\/div>\r\n\t\t\t<\/div>\r\n\t\t<\/li>\r\n\t<\/ul>\r\n\t<div class=\"spacer\"><\/div>\r\n<\/div>\r\n<div class=\"span4 top-termek-d\">\r\n\t<ul class=\"alex-fooldal-top-termek\">\r\n\t\t<li class=\"portfolio_item isotope-item\">\r\n\t\t\t<div class=\"portfolio_item_holder\">\r\n\t\t\t\t<figure class=\"thumbnail thumbnail__portfolio\">\r\n\t\t\t\t\t<a href=\"https:\/\/alexmobilier.ro\/\/gradinita\/categorii\/scaune-si-mese-gradinite-si-crese\/\" class=\"image-wrap\" title=\"Scaune \u0219i mese\" >\r\n\t\t\t\t\t\t<img decoding=\"async\" src=\"https:\/\/alexmobilier.ro\/\/gradinita\/wp-content\/uploads\/2023\/03\/ovi-1_JAV.jpg\" alt=\"Scaune \u0219i mese\">\r\n\t\t\t\t\t<\/a>\r\n\t\t\t\t<\/figure>\r\n\t\t\t\t<div class=\"caption caption__portfolio\">\r\n\t\t\t\t\t<h3><a href=\"https:\/\/alexmobilier.ro\/\/gradinita\/categorii\/scaune-si-mese-gradinite-si-crese\/\" >Scaune \u0219i mese<\/a><\/h3>\r\n\t\t\t\t<\/div>\r\n\t\t\t<\/div>\r\n\t\t<\/li>\r\n\t<\/ul>\r\n\t<div class=\"spacer\"><\/div>\r\n<\/div>\r\n<div class=\"span4 top-termek-e\">\r\n\t<ul class=\"alex-fooldal-top-termek\">\r\n\t\t<li class=\"portfolio_item isotope-item\">\r\n\t\t\t<div class=\"portfolio_item_holder\">\r\n\t\t\t\t<figure class=\"thumbnail thumbnail__portfolio\">\r\n\t\t\t\t\t<a href=\"https:\/\/alexmobilier.ro\/\/gradinita\/produse\/paturi-pentru-crese-si-gradinite\/ovb-15-02-e-pat-copil-carnaval-pat-gradinita-carnaval\/\" class=\"image-wrap\" title=\"Pat Carnaval\" >\r\n\t\t\t\t\t\t<img decoding=\"async\" src=\"https:\/\/alexmobilier.ro\/\/gradinita\/wp-content\/uploads\/2023\/03\/Karneval_fekteto_szines_LoRes.jpg\" alt=\"Pat Carnaval\">\r\n\t\t\t\t\t<\/a>\r\n\t\t\t\t<\/figure>\r\n\t\t\t\t<div class=\"caption caption__portfolio\">\r\n\t\t\t\t\t<h3><a href=\"https:\/\/alexmobilier.ro\/\/gradinita\/produse\/paturi-pentru-crese-si-gradinite\/ovb-15-02-e-pat-copil-carnaval-pat-gradinita-carnaval\/\" >Pat Carnaval<\/a><\/h3>\r\n\t\t\t\t<\/div>\r\n\t\t\t<\/div>\r\n\t\t<\/li>\r\n\t<\/ul>\r\n\t<div class=\"spacer\"><\/div>\r\n<\/div>\r\n<div class=\"span4 top-termek-f\">\r\n\t<ul class=\"alex-fooldal-top-termek\">\r\n\t\t<li class=\"portfolio_item isotope-item\">\r\n\t\t\t<div class=\"portfolio_item_holder\">\r\n\t\t\t\t<figure class=\"thumbnail thumbnail__portfolio\">\r\n\t\t\t\t\t<a href=\"https:\/\/alexmobilier.ro\/\/gradinita\/produse\/ovodai-bolcsodei-fektetok\/bsl-nf-sac-matlasat-pentru-patutul-adi-cearsaf-matlasat-pentru-patutul-adi\/\" class=\"image-wrap\" title=\"Pat Adi\" >\r\n\t\t\t\t\t\t<img decoding=\"async\" src=\"https:\/\/alexmobilier.ro\/\/gradinita\/wp-content\/uploads\/2023\/03\/norbi-ajanlat.jpg\" alt=\"Pat Adi\">\r\n\t\t\t\t\t<\/a>\r\n\t\t\t\t<\/figure>\r\n\t\t\t\t<div class=\"caption caption__portfolio\">\r\n\t\t\t\t\t<h3><a href=\"https:\/\/alexmobilier.ro\/\/gradinita\/produse\/ovodai-bolcsodei-fektetok\/bsl-nf-sac-matlasat-pentru-patutul-adi-cearsaf-matlasat-pentru-patutul-adi\/\" >Pat Adi<\/a><\/h3>\r\n\t\t\t\t<\/div>\r\n\t\t\t<\/div>\r\n\t\t<\/li>\r\n\t<\/ul>\r\n\t<div class=\"spacer\"><\/div>\r\n<\/div>\n<\/section>\n<div class=\"spacer\"><\/div><!-- .spacer (end) --><div class=\"span12 \"><div class=\"spacer\"><\/div><!-- .spacer (end) --><section class=\"lazy-load-box trigger effect-slideup \" data-delay=\"200\" data-speed=\"900\" style=\"-webkit-transition: all 900ms ease; -moz-transition: all 900ms ease; -ms-transition: all 900ms ease; -o-transition: all 900ms ease; transition: all 900ms ease;\"><div class=\"spacer\"><\/div><!-- .spacer (end) -->\n<h2>ALTE LINII DE PRODUSE<\/h2>\n<\/section><\/div><div class=\"span12 \"><section class=\"lazy-load-box trigger effect-zoomout \" data-delay=\"200\" data-speed=\"900\" style=\"-webkit-transition: all 900ms ease; -moz-transition: all 900ms ease; -ms-transition: all 900ms ease; -o-transition: all 900ms ease; transition: all 900ms ease;\">\n<section class=\"lazy-load-box effect-zoomout\">\n<ul class=\"posts-grid row-fluid unstyled block_2 ul-item-0\">\n\r\n\t<li class=\"span4 list-item\">\r\n\t\t<figure class=\"featured-thumbnail thumbnail\">\r\n\t\t\t<img decoding=\"async\" src=\"https:\/\/alexmobilier.ro\/\/gradinita\/wp-content\/uploads\/2021\/05\/01_Iskola.jpg\"\">\r\n\t\t<\/figure>\r\n\t\t<div class=\"clear\"><\/div>\r\n\t\t<a href=\"https:\/\/alexmobilier.ro\/scolar\/\" target=\"_blank\">\r\n\t\t\t<div class=\"desc\">\r\n\t\t\t\t<h6><strong>MOBILIER \u015eCOLAR<\/strong><span><\/span><\/h6>\r\n\t\t\t\t<span class=\"btn btn-primary\">Mai departe<\/span>\r\n\t\t\t<\/div>\r\n\t\t<\/a>\r\n\t<\/li>\r\n\t\n\r\n\t<li class=\"span4 list-item\">\r\n\t\t<figure class=\"featured-thumbnail thumbnail\">\r\n\t\t\t<img decoding=\"async\" src=\"https:\/\/alexmobilier.ro\/\/scolar\/wp-content\/uploads\/2018\/08\/03_Utca.jpg\"\">\r\n\t\t<\/figure>\r\n\t\t<div class=\"clear\"><\/div>\r\n\t\t<a href=\"https:\/\/alexmobilier.ro\/contact\/\" target=\"_blank\">\r\n\t\t\t<div class=\"desc\">\r\n\t\t\t\t<h6><strong>MOBILIER URBAN<\/strong><span>Mobilier ornamental pentru amenaj\u0103ri de parcuri, gr\u0103dini \u0219i modernizare urbanistic\u0103.<\/span><\/h6>\r\n\t\t\t\t<span class=\"btn btn-primary\">Mai departe<\/span>\r\n\t\t\t<\/div>\r\n\t\t<\/a>\r\n\t<\/li>\r\n\t\n\r\n\t<li class=\"span4 list-item\">\r\n\t\t<figure class=\"featured-thumbnail thumbnail\">\r\n\t\t\t<img decoding=\"async\" src=\"https:\/\/alexmobilier.ro\/\/gradinita\/wp-content\/uploads\/2022\/01\/oltozo_uzletag.jpg\"\">\r\n\t\t<\/figure>\r\n\t\t<div class=\"clear\"><\/div>\r\n\t\t<a href=\"https:\/\/alexmobilier.ro\/vestiare\/\" target=\"_blank\">\r\n\t\t\t<div class=\"desc\">\r\n\t\t\t\t<h6><strong>MOBILIER VESTIARE<\/strong><span>Alege\u021bi dintre produsele noastre de calitate concepute pentru amenajarea vestiarelor!<\/span><\/h6>\r\n\t\t\t\t<span class=\"btn btn-primary\">Mai departe<\/span>\r\n\t\t\t<\/div>\r\n\t\t<\/a>\r\n\t<\/li>\r\n\t\n<\/ul>\n<ul class=\"posts-grid row-fluid unstyled block_2 ul-item-1\"><\/ul>\n<\/section>\n<\/section><\/div><\/div><!-- .row (end) --><\/div><\/section>\n<\/div>","protected":false},"excerpt":{"rendered":"","protected":false},"author":1,"featured_media":98003,"parent":0,"menu_order":0,"comment_status":"closed","ping_status":"closed","template":"page-home.php","meta":{"footnotes":""},"class_list":["post-8","page","type-page","status-publish","has-post-thumbnail","hentry"],"yoast_head":"<!-- This site is optimized with the Yoast SEO plugin v25.2 - https:\/\/yoast.com\/wordpress\/plugins\/seo\/ -->\n<title>Mobilier gr\u0103dini\u021b\u0103 \u0219i cre\u0219\u0103 | Alex Mobilier<\/title>\n<meta name=\"description\" content=\"Descoper\u0103 mobilier modern \u0219i sigur pentru gr\u0103dini\u021be \u0219i cre\u0219e. Showroom Cluj \u2013 dulapuri, mese, scaune ergonomice, paturi\" \/>\n<meta name=\"robots\" content=\"index, follow, max-snippet:-1, max-image-preview:large, max-video-preview:-1\" \/>\n<link rel=\"canonical\" href=\"https:\/\/alexmobilier.ro\/gradinita\/\" \/>\n<meta property=\"og:locale\" content=\"en_US\" \/>\n<meta property=\"og:type\" content=\"article\" \/>\n<meta property=\"og:title\" content=\"Mobilier gr\u0103dini\u021b\u0103 \u0219i cre\u0219\u0103 | Alex Mobilier\" \/>\n<meta property=\"og:description\" content=\"Descoper\u0103 mobilier modern \u0219i sigur pentru gr\u0103dini\u021be \u0219i cre\u0219e. Showroom Cluj \u2013 dulapuri, mese, scaune ergonomice, paturi\" \/>\n<meta property=\"og:url\" content=\"https:\/\/alexmobilier.ro\/gradinita\/\" \/>\n<meta property=\"og:site_name\" content=\"Mobilier gr\u0103dini\u021b\u0103\" \/>\n<meta property=\"article:modified_time\" content=\"2025-09-19T10:04:12+00:00\" \/>\n<meta property=\"og:image\" content=\"https:\/\/alexmobilier.ro\/gradinita\/wp-content\/uploads\/2025\/09\/1407.jpg\" \/>\n\t<meta property=\"og:image:width\" content=\"1600\" \/>\n\t<meta property=\"og:image:height\" content=\"1200\" \/>\n\t<meta property=\"og:image:type\" content=\"image\/jpeg\" \/>\n<meta name=\"twitter:card\" content=\"summary_large_image\" \/>\n<meta name=\"twitter:label1\" content=\"Est. reading time\" \/>\n\t<meta name=\"twitter:data1\" content=\"1 minute\" \/>\n<script type=\"application\/ld+json\" class=\"yoast-schema-graph\">{\"@context\":\"https:\/\/schema.org\",\"@graph\":[{\"@type\":\"WebPage\",\"@id\":\"https:\/\/alexmobilier.ro\/gradinita\/\",\"url\":\"https:\/\/alexmobilier.ro\/gradinita\/\",\"name\":\"Mobilier gr\u0103dini\u021b\u0103 \u0219i cre\u0219\u0103 | Alex Mobilier\",\"isPartOf\":{\"@id\":\"https:\/\/alexmobilier.ro\/gradinita\/#website\"},\"primaryImageOfPage\":{\"@id\":\"https:\/\/alexmobilier.ro\/gradinita\/#primaryimage\"},\"image\":{\"@id\":\"https:\/\/alexmobilier.ro\/gradinita\/#primaryimage\"},\"thumbnailUrl\":\"https:\/\/alexmobilier.ro\/gradinita\/wp-content\/uploads\/2025\/09\/1407.jpg\",\"datePublished\":\"2016-06-08T07:57:17+00:00\",\"dateModified\":\"2025-09-19T10:04:12+00:00\",\"description\":\"Descoper\u0103 mobilier modern \u0219i sigur pentru gr\u0103dini\u021be \u0219i cre\u0219e. Showroom Cluj \u2013 dulapuri, mese, scaune ergonomice, paturi\",\"breadcrumb\":{\"@id\":\"https:\/\/alexmobilier.ro\/gradinita\/#breadcrumb\"},\"inLanguage\":\"en-US\",\"potentialAction\":[{\"@type\":\"ReadAction\",\"target\":[\"https:\/\/alexmobilier.ro\/gradinita\/\"]}]},{\"@type\":\"ImageObject\",\"inLanguage\":\"en-US\",\"@id\":\"https:\/\/alexmobilier.ro\/gradinita\/#primaryimage\",\"url\":\"https:\/\/alexmobilier.ro\/gradinita\/wp-content\/uploads\/2025\/09\/1407.jpg\",\"contentUrl\":\"https:\/\/alexmobilier.ro\/gradinita\/wp-content\/uploads\/2025\/09\/1407.jpg\",\"width\":1600,\"height\":1200},{\"@type\":\"BreadcrumbList\",\"@id\":\"https:\/\/alexmobilier.ro\/gradinita\/#breadcrumb\",\"itemListElement\":[{\"@type\":\"ListItem\",\"position\":1,\"name\":\"Home\",\"item\":\"https:\/\/alexmobilier.ro\/gradinita\/\"},{\"@type\":\"ListItem\",\"position\":2,\"name\":\"F\u0151oldal\"}]},{\"@type\":\"WebSite\",\"@id\":\"https:\/\/alexmobilier.ro\/gradinita\/#website\",\"url\":\"https:\/\/alexmobilier.ro\/gradinita\/\",\"name\":\"Mobilier gr\u0103dini\u021b\u0103\",\"description\":\"ALEX MOBILIER MACS SRL\",\"potentialAction\":[{\"@type\":\"SearchAction\",\"target\":{\"@type\":\"EntryPoint\",\"urlTemplate\":\"https:\/\/alexmobilier.ro\/gradinita\/?s={search_term_string}\"},\"query-input\":{\"@type\":\"PropertyValueSpecification\",\"valueRequired\":true,\"valueName\":\"search_term_string\"}}],\"inLanguage\":\"en-US\"}]}<\/script>\n<!-- \/ Yoast SEO plugin. -->","yoast_head_json":{"title":"Mobilier gr\u0103dini\u021b\u0103 \u0219i cre\u0219\u0103 | Alex Mobilier","description":"Descoper\u0103 mobilier modern \u0219i sigur pentru gr\u0103dini\u021be \u0219i cre\u0219e. Showroom Cluj \u2013 dulapuri, mese, scaune ergonomice, paturi","robots":{"index":"index","follow":"follow","max-snippet":"max-snippet:-1","max-image-preview":"max-image-preview:large","max-video-preview":"max-video-preview:-1"},"canonical":"https:\/\/alexmobilier.ro\/gradinita\/","og_locale":"en_US","og_type":"article","og_title":"Mobilier gr\u0103dini\u021b\u0103 \u0219i cre\u0219\u0103 | Alex Mobilier","og_description":"Descoper\u0103 mobilier modern \u0219i sigur pentru gr\u0103dini\u021be \u0219i cre\u0219e. Showroom Cluj \u2013 dulapuri, mese, scaune ergonomice, paturi","og_url":"https:\/\/alexmobilier.ro\/gradinita\/","og_site_name":"Mobilier gr\u0103dini\u021b\u0103","article_modified_time":"2025-09-19T10:04:12+00:00","og_image":[{"width":1600,"height":1200,"url":"https:\/\/alexmobilier.ro\/gradinita\/wp-content\/uploads\/2025\/09\/1407.jpg","type":"image\/jpeg"}],"twitter_card":"summary_large_image","twitter_misc":{"Est. reading time":"1 minute"},"schema":{"@context":"https:\/\/schema.org","@graph":[{"@type":"WebPage","@id":"https:\/\/alexmobilier.ro\/gradinita\/","url":"https:\/\/alexmobilier.ro\/gradinita\/","name":"Mobilier gr\u0103dini\u021b\u0103 \u0219i cre\u0219\u0103 | Alex Mobilier","isPartOf":{"@id":"https:\/\/alexmobilier.ro\/gradinita\/#website"},"primaryImageOfPage":{"@id":"https:\/\/alexmobilier.ro\/gradinita\/#primaryimage"},"image":{"@id":"https:\/\/alexmobilier.ro\/gradinita\/#primaryimage"},"thumbnailUrl":"https:\/\/alexmobilier.ro\/gradinita\/wp-content\/uploads\/2025\/09\/1407.jpg","datePublished":"2016-06-08T07:57:17+00:00","dateModified":"2025-09-19T10:04:12+00:00","description":"Descoper\u0103 mobilier modern \u0219i sigur pentru gr\u0103dini\u021be \u0219i cre\u0219e. Showroom Cluj \u2013 dulapuri, mese, scaune ergonomice, paturi","breadcrumb":{"@id":"https:\/\/alexmobilier.ro\/gradinita\/#breadcrumb"},"inLanguage":"en-US","potentialAction":[{"@type":"ReadAction","target":["https:\/\/alexmobilier.ro\/gradinita\/"]}]},{"@type":"ImageObject","inLanguage":"en-US","@id":"https:\/\/alexmobilier.ro\/gradinita\/#primaryimage","url":"https:\/\/alexmobilier.ro\/gradinita\/wp-content\/uploads\/2025\/09\/1407.jpg","contentUrl":"https:\/\/alexmobilier.ro\/gradinita\/wp-content\/uploads\/2025\/09\/1407.jpg","width":1600,"height":1200},{"@type":"BreadcrumbList","@id":"https:\/\/alexmobilier.ro\/gradinita\/#breadcrumb","itemListElement":[{"@type":"ListItem","position":1,"name":"Home","item":"https:\/\/alexmobilier.ro\/gradinita\/"},{"@type":"ListItem","position":2,"name":"F\u0151oldal"}]},{"@type":"WebSite","@id":"https:\/\/alexmobilier.ro\/gradinita\/#website","url":"https:\/\/alexmobilier.ro\/gradinita\/","name":"Mobilier gr\u0103dini\u021b\u0103","description":"ALEX MOBILIER MACS SRL","potentialAction":[{"@type":"SearchAction","target":{"@type":"EntryPoint","urlTemplate":"https:\/\/alexmobilier.ro\/gradinita\/?s={search_term_string}"},"query-input":{"@type":"PropertyValueSpecification","valueRequired":true,"valueName":"search_term_string"}}],"inLanguage":"en-US"}]}},"_links":{"self":[{"href":"https:\/\/alexmobilier.ro\/gradinita\/wp-json\/wp\/v2\/pages\/8","targetHints":{"allow":["GET"]}}],"collection":[{"href":"https:\/\/alexmobilier.ro\/gradinita\/wp-json\/wp\/v2\/pages"}],"about":[{"href":"https:\/\/alexmobilier.ro\/gradinita\/wp-json\/wp\/v2\/types\/page"}],"author":[{"embeddable":true,"href":"https:\/\/alexmobilier.ro\/gradinita\/wp-json\/wp\/v2\/users\/1"}],"replies":[{"embeddable":true,"href":"https:\/\/alexmobilier.ro\/gradinita\/wp-json\/wp\/v2\/comments?post=8"}],"version-history":[{"count":11,"href":"https:\/\/alexmobilier.ro\/gradinita\/wp-json\/wp\/v2\/pages\/8\/revisions"}],"predecessor-version":[{"id":97382,"href":"https:\/\/alexmobilier.ro\/gradinita\/wp-json\/wp\/v2\/pages\/8\/revisions\/97382"}],"wp:featuredmedia":[{"embeddable":true,"href":"https:\/\/alexmobilier.ro\/gradinita\/wp-json\/wp\/v2\/media\/98003"}],"wp:attachment":[{"href":"https:\/\/alexmobilier.ro\/gradinita\/wp-json\/wp\/v2\/media?parent=8"}],"curies":[{"name":"wp","href":"https:\/\/api.w.org\/{rel}","templated":true}]}}